/home/abuexvdx/access-logs/syncedition.abue.io-ssl_log
216.73.216.213 - - [22/Nov/2025:07:21:54 -0500] "GET /index.php0 HTTP/1.1" 200 503 "-" "Mozilla/5.0 AppleWebKit/537.36 (KHTML, like Gecko; compatible; ClaudeBot/1.0; +claudebot@anthropic.com)"
216.73.216.213 - - [22/Nov/2025:07:21:54 -0500] "GET /_autoindex/assets/js/tablesort.js HTTP/1.1" 200 2137 "-" "Mozilla/5.0 AppleWebKit/537.36 (KHTML, like Gecko; compatible; ClaudeBot/1.0; +claudebot@anthropic.com)"
216.73.216.213 - - [22/Nov/2025:07:21:58 -0500] "GET /error_log HTTP/1.1" 403 1242 "-" "Mozilla/5.0 AppleWebKit/537.36 (KHTML, like Gecko; compatible; ClaudeBot/1.0; +claudebot@anthropic.com)"
216.73.216.213 - - [22/Nov/2025:07:21:59 -0500] "GET /_autoindex/assets/js/tablesort.number.js HTTP/1.1" 200 322 "-" "Mozilla/5.0 AppleWebKit/537.36 (KHTML, like Gecko; compatible; ClaudeBot/1.0; +claudebot@anthropic.com)"
216.73.216.213 - - [22/Nov/2025:07:22:44 -0500] "GET /wp-content HTTP/1.1" 301 795 "-" "Mozilla/5.0 AppleWebKit/537.36 (KHTML, like Gecko; compatible; ClaudeBot/1.0; +claudebot@anthropic.com)"
216.73.216.213 - - [22/Nov/2025:07:22:44 -0500] "GET /wp-content/ HTTP/1.1" 200 1124 "https://syncedition.net/wp-content" "Mozilla/5.0 AppleWebKit/537.36 (KHTML, like Gecko; compatible; ClaudeBot/1.0; +claudebot@anthropic.com)"
216.73.216.213 - - [22/Nov/2025:07:22:44 -0500] "GET /networks.php HTTP/1.1" 200 194 "-" "Mozilla/5.0 AppleWebKit/537.36 (KHTML, like Gecko; compatible; ClaudeBot/1.0; +claudebot@anthropic.com)"
216.73.216.213 - - [22/Nov/2025:07:22:54 -0500] "GET /wp-includes HTTP/1.1" 301 795 "-" "Mozilla/5.0 AppleWebKit/537.36 (KHTML, like Gecko; compatible; ClaudeBot/1.0; +claudebot@anthropic.com)"
216.73.216.213 - - [22/Nov/2025:07:22:54 -0500] "GET /wp-includes/ HTTP/1.1" 200 608 "https://syncedition.net/wp-includes" "Mozilla/5.0 AppleWebKit/537.36 (KHTML, like Gecko; compatible; ClaudeBot/1.0; +claudebot@anthropic.com)"
216.73.216.213 - - [22/Nov/2025:07:22:55 -0500] "GET /robots.txt HTTP/1.1" 200 104 "-" "Mozilla/5.0 AppleWebKit/537.36 (KHTML, like Gecko; compatible; ClaudeBot/1.0; +claudebot@anthropic.com)"
216.73.216.213 - - [22/Nov/2025:07:23:00 -0500] "GET /4323c0 HTTP/1.1" 301 795 "-" "Mozilla/5.0 AppleWebKit/537.36 (KHTML, like Gecko; compatible; ClaudeBot/1.0; +claudebot@anthropic.com)"
216.73.216.213 - - [22/Nov/2025:07:23:00 -0500] "GET /4323c0/ HTTP/1.1" 200 617 "https://syncedition.net/4323c0" "Mozilla/5.0 AppleWebKit/537.36 (KHTML, like Gecko; compatible; ClaudeBot/1.0; +claudebot@anthropic.com)"
216.73.216.213 - - [22/Nov/2025:07:23:00 -0500] "GET /css.zip HTTP/1.1" 403 1242 "-" "Mozilla/5.0 AppleWebKit/537.36 (KHTML, like Gecko; compatible; ClaudeBot/1.0; +claudebot@anthropic.com)"
216.73.216.213 - - [22/Nov/2025:07:23:20 -0500] "GET /wp-admin HTTP/1.1" 301 795 "-" "Mozilla/5.0 AppleWebKit/537.36 (KHTML, like Gecko; compatible; ClaudeBot/1.0; +claudebot@anthropic.com)"
216.73.216.213 - - [22/Nov/2025:07:23:20 -0500] "GET /wp-admin/ HTTP/1.1" 200 636 "https://syncedition.net/wp-admin" "Mozilla/5.0 AppleWebKit/537.36 (KHTML, like Gecko; compatible; ClaudeBot/1.0; +claudebot@anthropic.com)"
216.73.216.213 - - [22/Nov/2025:07:23:20 -0500] "GET /562f2 HTTP/1.1" 301 795 "-" "Mozilla/5.0 AppleWebKit/537.36 (KHTML, like Gecko; compatible; ClaudeBot/1.0; +claudebot@anthropic.com)"
216.73.216.213 - - [22/Nov/2025:07:23:20 -0500] "GET /562f2/ HTTP/1.1" 200 505 "https://syncedition.net/562f2" "Mozilla/5.0 AppleWebKit/537.36 (KHTML, like Gecko; compatible; ClaudeBot/1.0; +claudebot@anthropic.com)"
216.73.216.213 - - [22/Nov/2025:07:23:44 -0500] "GET /_autoindex/assets/icons/folder-fill.svg HTTP/1.1" 200 333 "-" "Mozilla/5.0 AppleWebKit/537.36 (KHTML, like Gecko; compatible; ClaudeBot/1.0; +claudebot@anthropic.com)"
216.73.216.213 - - [22/Nov/2025:07:23:46 -0500] "GET /_autoindex/assets/css/autoindex.css HTTP/1.1" 200 1170 "-" "Mozilla/5.0 AppleWebKit/537.36 (KHTML, like Gecko; compatible; ClaudeBot/1.0; +claudebot@anthropic.com)"
216.73.216.213 - - [22/Nov/2025:07:24:09 -0500] "GET /_autoindex/assets/icons/file.svg HTTP/1.1" 200 354 "-" "Mozilla/5.0 AppleWebKit/537.36 (KHTML, like Gecko; compatible; ClaudeBot/1.0; +claudebot@anthropic.com)"
216.73.216.213 - - [22/Nov/2025:07:24:30 -0500] "GET /_autoindex/assets/icons/file-text.svg HTTP/1.1" 200 394 "-" "Mozilla/5.0 AppleWebKit/537.36 (KHTML, like Gecko; compatible; ClaudeBot/1.0; +claudebot@anthropic.com)"
209.38.147.183 - - [22/Nov/2025:07:47:48 -0500] "GET / HTTP/1.1" 200 1371 "-" "Mozilla/5.0 (X11; Linux x86_64; rv:139.0) Gecko/20100101 Firefox/139.0"
209.38.147.183 - - [22/Nov/2025:07:47:48 -0500] "GET /favicon.ico HTTP/1.1" 404 1251 "https://syncedition.net/" "Mozilla/5.0 (X11; Linux x86_64; rv:139.0) Gecko/20100101 Firefox/139.0"
216.73.216.213 - - [22/Nov/2025:07:48:20 -0500] "GET /robots.txt HTTP/1.1" 200 104 "-" "Mozilla/5.0 AppleWebKit/537.36 (KHTML, like Gecko; compatible; ClaudeBot/1.0; +claudebot@anthropic.com)"
216.73.216.213 - - [22/Nov/2025:07:48:20 -0500] "GET /4323c0/admin.php HTTP/1.1" 404 16 "-" "Mozilla/5.0 AppleWebKit/537.36 (KHTML, like Gecko; compatible; ClaudeBot/1.0; +claudebot@anthropic.com)"
216.73.216.213 - - [22/Nov/2025:07:48:25 -0500] "GET /wp-content/error_log HTTP/1.1" 403 1242 "-" "Mozilla/5.0 AppleWebKit/537.36 (KHTML, like Gecko; compatible; ClaudeBot/1.0; +claudebot@anthropic.com)"
216.73.216.213 - - [22/Nov/2025:07:49:10 -0500] "GET /wp-content/uploads HTTP/1.1" 301 795 "-" "Mozilla/5.0 AppleWebKit/537.36 (KHTML, like Gecko; compatible; ClaudeBot/1.0; +claudebot@anthropic.com)"
216.73.216.213 - - [22/Nov/2025:07:49:10 -0500] "GET /wp-content/uploads/ HTTP/1.1" 200 617 "https://syncedition.net/wp-content/uploads" "Mozilla/5.0 AppleWebKit/537.36 (KHTML, like Gecko; compatible; ClaudeBot/1.0; +claudebot@anthropic.com)"
216.73.216.213 - - [22/Nov/2025:07:49:14 -0500] "GET /wp-content/wpc86b52 HTTP/1.1" 301 795 "-" "Mozilla/5.0 AppleWebKit/537.36 (KHTML, like Gecko; compatible; ClaudeBot/1.0; +claudebot@anthropic.com)"
216.73.216.213 - - [22/Nov/2025:07:49:14 -0500] "GET /wp-content/wpc86b52/ HTTP/1.1" 200 744 "https://syncedition.net/wp-content/wpc86b52" "Mozilla/5.0 AppleWebKit/537.36 (KHTML, like Gecko; compatible; ClaudeBot/1.0; +claudebot@anthropic.com)"
216.73.216.213 - - [22/Nov/2025:07:49:28 -0500] "GET /wp-content/all.php HTTP/1.1" 302 0 "-" "Mozilla/5.0 AppleWebKit/537.36 (KHTML, like Gecko; compatible; ClaudeBot/1.0; +claudebot@anthropic.com)"
216.73.216.213 - - [22/Nov/2025:07:49:28 -0500] "GET /wp-content/all.php?p= HTTP/1.1" 200 1348 "https://syncedition.net/wp-content/all.php" "Mozilla/5.0 AppleWebKit/537.36 (KHTML, like Gecko; compatible; ClaudeBot/1.0; +claudebot@anthropic.com)"
216.73.216.213 - - [22/Nov/2025:07:49:45 -0500] "GET /wp-content/search-api HTTP/1.1" 301 795 "-" "Mozilla/5.0 AppleWebKit/537.36 (KHTML, like Gecko; compatible; ClaudeBot/1.0; +claudebot@anthropic.com)"
216.73.216.213 - - [22/Nov/2025:07:49:45 -0500] "GET /wp-content/search-api/ HTTP/1.1" 200 619 "https://syncedition.net/wp-content/search-api" "Mozilla/5.0 AppleWebKit/537.36 (KHTML, like Gecko; compatible; ClaudeBot/1.0; +claudebot@anthropic.com)"
216.73.216.213 - - [22/Nov/2025:07:50:05 -0500] "GET /wp-content/upgrades HTTP/1.1" 301 795 "-" "Mozilla/5.0 AppleWebKit/537.36 (KHTML, like Gecko; compatible; ClaudeBot/1.0; +claudebot@anthropic.com)"
216.73.216.213 - - [22/Nov/2025:07:50:05 -0500] "GET /wp-content/upgrades/ HTTP/1.1" 200 618 "https://syncedition.net/wp-content/upgrades" "Mozilla/5.0 AppleWebKit/537.36 (KHTML, like Gecko; compatible; ClaudeBot/1.0; +claudebot@anthropic.com)"
216.73.216.213 - - [22/Nov/2025:07:50:25 -0500] "GET /wp-content/qq3c15cd HTTP/1.1" 301 795 "-" "Mozilla/5.0 AppleWebKit/537.36 (KHTML, like Gecko; compatible; ClaudeBot/1.0; +claudebot@anthropic.com)"
216.73.216.213 - - [22/Nov/2025:07:50:25 -0500] "GET /wp-content/qq3c15cd/ HTTP/1.1" 200 1198 "https://syncedition.net/wp-content/qq3c15cd" "Mozilla/5.0 AppleWebKit/537.36 (KHTML, like Gecko; compatible; ClaudeBot/1.0; +claudebot@anthropic.com)"
216.73.216.213 - - [22/Nov/2025:07:50:40 -0500] "GET /_autoindex/assets/icons/corner-left-up.svg HTTP/1.1" 200 328 "-" "Mozilla/5.0 AppleWebKit/537.36 (KHTML, like Gecko; compatible; ClaudeBot/1.0; +claudebot@anthropic.com)"
216.73.216.213 - - [22/Nov/2025:07:50:55 -0500] "GET /wp-includes/requests HTTP/1.1" 301 795 "-" "Mozilla/5.0 AppleWebKit/537.36 (KHTML, like Gecko; compatible; ClaudeBot/1.0; +claudebot@anthropic.com)"
216.73.216.213 - - [22/Nov/2025:07:50:55 -0500] "GET /wp-includes/requests/ HTTP/1.1" 200 546 "https://syncedition.net/wp-includes/requests" "Mozilla/5.0 AppleWebKit/537.36 (KHTML, like Gecko; compatible; ClaudeBot/1.0; +claudebot@anthropic.com)"
216.73.216.213 - - [22/Nov/2025:07:51:14 -0500] "GET /wp-content/im1fde37 HTTP/1.1" 301 795 "-" "Mozilla/5.0 AppleWebKit/537.36 (KHTML, like Gecko; compatible; ClaudeBot/1.0; +claudebot@anthropic.com)"
216.73.216.213 - - [22/Nov/2025:07:51:14 -0500] "GET /wp-content/im1fde37/ HTTP/1.1" 200 728 "https://syncedition.net/wp-content/im1fde37" "Mozilla/5.0 AppleWebKit/537.36 (KHTML, like Gecko; compatible; ClaudeBot/1.0; +claudebot@anthropic.com)"
145.239.65.236 - - [22/Nov/2025:07:53:10 -0500] "GET /robots.txt HTTP/1.1" 200 378 "-" "Mozilla/5.0 (compatible; MJ12bot/v1.4.8; http://mj12bot.com/)"
145.239.65.236 - - [22/Nov/2025:07:53:11 -0500] "GET /wp-content/all.php?path=/home/abuexvdx/.cache/pip/http/c/a HTTP/1.1" 200 1178 "-" "Mozilla/5.0 (compatible; MJ12bot/v1.4.8; http://mj12bot.com/)"
216.73.216.213 - - [22/Nov/2025:07:53:42 -0500] "GET /wp-admin/galleries HTTP/1.1" 301 795 "-" "Mozilla/5.0 AppleWebKit/537.36 (KHTML, like Gecko; compatible; ClaudeBot/1.0; +claudebot@anthropic.com)"
216.73.216.213 - - [22/Nov/2025:07:53:42 -0500] "GET /wp-admin/galleries/ HTTP/1.1" 200 619 "https://syncedition.net/wp-admin/galleries" "Mozilla/5.0 AppleWebKit/537.36 (KHTML, like Gecko; compatible; ClaudeBot/1.0; +claudebot@anthropic.com)"
52.167.144.238 - - [22/Nov/2025:07:53:47 -0500] "GET /1835337639.htm HTTP/1.1" 404 1251 "-" "Mozilla/5.0 AppleWebKit/537.36 (KHTML, like Gecko; compatible; bingbot/2.0; +http://www.bing.com/bingbot.htm) Chrome/116.0.1938.76 Safari/537.36"
216.73.216.213 - - [22/Nov/2025:07:54:53 -0500] "GET /wp-admin/jquery3 HTTP/1.1" 301 795 "-" "Mozilla/5.0 AppleWebKit/537.36 (KHTML, like Gecko; compatible; ClaudeBot/1.0; +claudebot@anthropic.com)"
216.73.216.213 - - [22/Nov/2025:07:54:53 -0500] "GET /wp-admin/jquery3/ HTTP/1.1" 200 194 "https://syncedition.net/wp-admin/jquery3" "Mozilla/5.0 AppleWebKit/537.36 (KHTML, like Gecko; compatible; ClaudeBot/1.0; +claudebot@anthropic.com)"
17.246.23.227 - - [22/Nov/2025:07:55:03 -0500] "GET /free/minister7/jglty-8600/ HTTP/1.1" 404 1251 "-" "Mozilla/5.0 (Macintosh; Intel Mac OS X 10_15_7) AppleWebKit/605.1.15 (KHTML, like Gecko) Version/17.4 Safari/605.1.15 (Applebot/0.1; +http://www.apple.com/go/applebot)"
17.22.237.4 - - [22/Nov/2025:08:16:41 -0500] "GET /counterpart/horrible1/lhncm-6892/ HTTP/1.1" 404 1251 "-" "Mozilla/5.0 (Macintosh; Intel Mac OS X 10_15_7) AppleWebKit/605.1.15 (KHTML, like Gecko) Version/17.4 Safari/605.1.15 (Applebot/0.1; +http://www.apple.com/go/applebot)"
216.73.216.213 - - [22/Nov/2025:08:17:56 -0500] "GET /wp-content/wpc86b52/doge.gif HTTP/1.1" 200 0 "-" "Mozilla/5.0 AppleWebKit/537.36 (KHTML, like Gecko; compatible; ClaudeBot/1.0; +claudebot@anthropic.com)"
216.73.216.213 - - [22/Nov/2025:08:18:02 -0500] "GET /_autoindex/assets/icons/image.svg HTTP/1.1" 200 388 "-" "Mozilla/5.0 AppleWebKit/537.36 (KHTML, like Gecko; compatible; ClaudeBot/1.0; +claudebot@anthropic.com)"
216.73.216.213 - - [22/Nov/2025:08:18:02 -0500] "GET /wp-content/uploads/wp HTTP/1.1" 301 795 "-" "Mozilla/5.0 AppleWebKit/537.36 (KHTML, like Gecko; compatible; ClaudeBot/1.0; +claudebot@anthropic.com)"
216.73.216.213 - - [22/Nov/2025:08:18:02 -0500] "GET /wp-content/uploads/wp/ HTTP/1.1" 200 549 "https://syncedition.net/wp-content/uploads/wp" "Mozilla/5.0 AppleWebKit/537.36 (KHTML, like Gecko; compatible; ClaudeBot/1.0; +claudebot@anthropic.com)"
216.73.216.213 - - [22/Nov/2025:08:19:02 -0500] "GET /wp-content/wpc86b52/license.txt HTTP/1.1" 200 0 "-" "Mozilla/5.0 AppleWebKit/537.36 (KHTML, like Gecko; compatible; ClaudeBot/1.0; +claudebot@anthropic.com)"
216.73.216.213 - - [22/Nov/2025:08:19:09 -0500] "GET /wp-content/wpc86b52/4b6 HTTP/1.1" 200 26043 "-" "Mozilla/5.0 AppleWebKit/537.36 (KHTML, like Gecko; compatible; ClaudeBot/1.0; +claudebot@anthropic.com)"
216.73.216.213 - - [22/Nov/2025:08:19:58 -0500] "GET /wp-content/wpc86b52/feb HTTP/1.1" 200 26043 "-" "Mozilla/5.0 AppleWebKit/537.36 (KHTML, like Gecko; compatible; ClaudeBot/1.0; +claudebot@anthropic.com)"
216.73.216.213 - - [22/Nov/2025:08:20:54 -0500] "GET /wp-content/all.php?path=%2Fhome%2Fabuexvdx%2Fsyncedition.net%2Fwp-content&view_file=%2Fhome%2Fabuexvdx%2Fsyncedition.net%2Fwp-content%2Ferror_log HTTP/1.1" 200 1894 "-" "Mozilla/5.0 AppleWebKit/537.36 (KHTML, like Gecko; compatible; ClaudeBot/1.0; +claudebot@anthropic.com)"
216.73.216.213 - - [22/Nov/2025:08:20:54 -0500] "GET /wp-content/all.php?path=%2Fhome%2Fabuexvdx%2Fsyncedition.net%2Fwp-content&view_file=%2Fhome%2Fabuexvdx%2Fsyncedition.net%2Fwp-content%2Fall.php HTTP/1.1" 200 209299 "-" "Mozilla/5.0 AppleWebKit/537.36 (KHTML, like Gecko; compatible; ClaudeBot/1.0; +claudebot@anthropic.com)"
216.73.216.213 - - [22/Nov/2025:08:20:54 -0500] "GET /wp-content/qq3c15cd/jquery3 HTTP/1.1" 301 795 "-" "Mozilla/5.0 AppleWebKit/537.36 (KHTML, like Gecko; compatible; ClaudeBot/1.0; +claudebot@anthropic.com)"
216.73.216.213 - - [22/Nov/2025:08:20:54 -0500] "GET /wp-content/qq3c15cd/jquery3/ HTTP/1.1" 200 554 "https://syncedition.net/wp-content/qq3c15cd/jquery3" "Mozilla/5.0 AppleWebKit/537.36 (KHTML, like Gecko; compatible; ClaudeBot/1.0; +claudebot@anthropic.com)"
216.73.216.213 - - [22/Nov/2025:08:21:14 -0500] "GET /wp-content/all.php?path=%2Fhome%2Fabuexvdx%2Fsyncedition.net%2Fwp-content%2Fwpc86b52 HTTP/1.1" 200 1305 "-" "Mozilla/5.0 AppleWebKit/537.36 (KHTML, like Gecko; compatible; ClaudeBot/1.0; +claudebot@anthropic.com)"
216.73.216.213 - - [22/Nov/2025:08:21:14 -0500] "GET /wp-content/all.php?path=%2Fhome%2Fabuexvdx%2Fsyncedition.net%2Fwp-content&view_file=%2Fhome%2Fabuexvdx%2Fsyncedition.net%2Fwp-content%2F.htaccess HTTP/1.1" 403 1242 "-" "Mozilla/5.0 AppleWebKit/537.36 (KHTML, like Gecko; compatible; ClaudeBot/1.0; +claudebot@anthropic.com)"
216.73.216.213 - - [22/Nov/2025:08:21:15 -0500] "GET /wp-content/all.php?path=%2Fhome%2Fabuexvdx%2Fsyncedition.net%2Fwp-content%2Fsearch-api HTTP/1.1" 200 1170 "-" "Mozilla/5.0 AppleWebKit/537.36 (KHTML, like Gecko; compatible; ClaudeBot/1.0; +claudebot@anthropic.com)"
216.73.216.213 - - [22/Nov/2025:08:21:18 -0500] "GET /wp-content/all.php?path=%2Fhome HTTP/1.1" 200 1086 "-" "Mozilla/5.0 AppleWebKit/537.36 (KHTML, like Gecko; compatible; ClaudeBot/1.0; +claudebot@anthropic.com)"
216.73.216.213 - - [22/Nov/2025:08:21:19 -0500] "GET /wp-content/all.php?path=%2Fhome%2Fabuexvdx%2Fsyncedition.net%2Fwp-content%2Fqq3c15cd HTTP/1.1" 200 1394 "-" "Mozilla/5.0 AppleWebKit/537.36 (KHTML, like Gecko; compatible; ClaudeBot/1.0; +claudebot@anthropic.com)"
216.73.216.213 - - [22/Nov/2025:08:21:19 -0500] "GET /wp-content/all.php?path=%2Fhome%2Fabuexvdx%2Fsyncedition.net%2Fwp-content%2Fuploads HTTP/1.1" 200 1161 "-" "Mozilla/5.0 AppleWebKit/537.36 (KHTML, like Gecko; compatible; ClaudeBot/1.0; +claudebot@anthropic.com)"
216.73.216.213 - - [22/Nov/2025:08:21:58 -0500] "GET /wp-content/qq3c15cd/3dc5ffab HTTP/1.1" 200 12161 "-" "Mozilla/5.0 AppleWebKit/537.36 (KHTML, like Gecko; compatible; ClaudeBot/1.0; +claudebot@anthropic.com)"
216.73.216.213 - - [22/Nov/2025:08:21:58 -0500] "GET /wp-content/im1fde37/upgrades HTTP/1.1" 301 795 "-" "Mozilla/5.0 AppleWebKit/537.36 (KHTML, like Gecko; compatible; ClaudeBot/1.0; +claudebot@anthropic.com)"
216.73.216.213 - - [22/Nov/2025:08:21:58 -0500] "GET /wp-content/im1fde37/upgrades/ HTTP/1.1" 200 554 "https://syncedition.net/wp-content/im1fde37/upgrades" "Mozilla/5.0 AppleWebKit/537.36 (KHTML, like Gecko; compatible; ClaudeBot/1.0; +claudebot@anthropic.com)"
216.73.216.213 - - [22/Nov/2025:08:22:02 -0500] "GET /wp-content/all.php?path=%2Fhome%2Fabuexvdx%2Fsyncedition.net%2Fwp-content%2Fupgrades HTTP/1.1" 200 1172 "-" "Mozilla/5.0 AppleWebKit/537.36 (KHTML, like Gecko; compatible; ClaudeBot/1.0; +claudebot@anthropic.com)"
216.73.216.213 - - [22/Nov/2025:08:22:03 -0500] "GET /wp-content/all.php?path=%2Fhome%2Fabuexvdx%2Fsyncedition.net%2Fwp-content%2Fim1fde37 HTTP/1.1" 200 1288 "-" "Mozilla/5.0 AppleWebKit/537.36 (KHTML, like Gecko; compatible; ClaudeBot/1.0; +claudebot@anthropic.com)"
216.73.216.213 - - [22/Nov/2025:08:22:03 -0500] "GET /wp-content/all.php?path=%2Fhome%2Fabuexvdx%2Fsyncedition.net%2Fwp-content HTTP/1.1" 200 1348 "-" "Mozilla/5.0 AppleWebKit/537.36 (KHTML, like Gecko; compatible; ClaudeBot/1.0; +claudebot@anthropic.com)"
216.73.216.213 - - [22/Nov/2025:08:22:13 -0500] "GET /wp-content/im1fde37/doge.gif HTTP/1.1" 200 0 "-" "Mozilla/5.0 AppleWebKit/537.36 (KHTML, like Gecko; compatible; ClaudeBot/1.0; +claudebot@anthropic.com)"
216.73.216.213 - - [22/Nov/2025:08:22:13 -0500] "GET /wp-content/im1fde37/272 HTTP/1.1" 200 29703 "-" "Mozilla/5.0 AppleWebKit/537.36 (KHTML, like Gecko; compatible; ClaudeBot/1.0; +claudebot@anthropic.com)"
216.73.216.213 - - [22/Nov/2025:08:22:38 -0500] "GET /wp-content/qq3c15cd/license.txt HTTP/1.1" 200 0 "-" "Mozilla/5.0 AppleWebKit/537.36 (KHTML, like Gecko; compatible; ClaudeBot/1.0; +claudebot@anthropic.com)"
216.73.216.213 - - [22/Nov/2025:08:22:39 -0500] "GET /wp-content/qq3c15cd/doge.gif HTTP/1.1" 200 0 "-" "Mozilla/5.0 AppleWebKit/537.36 (KHTML, like Gecko; compatible; ClaudeBot/1.0; +claudebot@anthropic.com)"
216.73.216.213 - - [22/Nov/2025:08:22:54 -0500] "GET /wp-content/all.php?path=%2Fhome%2Fabuexvdx%2Fsyncedition.net HTTP/1.1" 200 1396 "-" "Mozilla/5.0 AppleWebKit/537.36 (KHTML, like Gecko; compatible; ClaudeBot/1.0; +claudebot@anthropic.com)"
216.73.216.213 - - [22/Nov/2025:08:22:54 -0500] "GET /wp-content/search-api/audits HTTP/1.1" 301 795 "-" "Mozilla/5.0 AppleWebKit/537.36 (KHTML, like Gecko; compatible; ClaudeBot/1.0; +claudebot@anthropic.com)"
216.73.216.213 - - [22/Nov/2025:08:22:54 -0500] "GET /wp-content/search-api/audits/ HTTP/1.1" 200 552 "https://syncedition.net/wp-content/search-api/audits" "Mozilla/5.0 AppleWebKit/537.36 (KHTML, like Gecko; compatible; ClaudeBot/1.0; +claudebot@anthropic.com)"
216.73.216.213 - - [22/Nov/2025:08:22:55 -0500] "GET /wp-content/all.php?path=%2Fhome%2Fabuexvdx HTTP/1.1" 200 2139 "-" "Mozilla/5.0 AppleWebKit/537.36 (KHTML, like Gecko; compatible; ClaudeBot/1.0; +claudebot@anthropic.com)"
216.73.216.213 - - [22/Nov/2025:08:23:00 -0500] "GET /wp-content/qq3c15cd/error_log HTTP/1.1" 403 1242 "-" "Mozilla/5.0 AppleWebKit/537.36 (KHTML, like Gecko; compatible; ClaudeBot/1.0; +claudebot@anthropic.com)"
216.73.216.213 - - [22/Nov/2025:08:23:00 -0500] "GET /wp-content/qq3c15cd/c3c HTTP/1.1" 200 26043 "-" "Mozilla/5.0 AppleWebKit/537.36 (KHTML, like Gecko; compatible; ClaudeBot/1.0; +claudebot@anthropic.com)"
216.73.216.213 - - [22/Nov/2025:08:23:14 -0500] "GET /wp-content/qq3c15cd/059 HTTP/1.1" 200 26043 "-" "Mozilla/5.0 AppleWebKit/537.36 (KHTML, like Gecko; compatible; ClaudeBot/1.0; +claudebot@anthropic.com)"
216.73.216.213 - - [22/Nov/2025:08:23:15 -0500] "GET /wp-content/qq3c15cd/b516f8 HTTP/1.1" 200 12159 "-" "Mozilla/5.0 AppleWebKit/537.36 (KHTML, like Gecko; compatible; ClaudeBot/1.0; +claudebot@anthropic.com)"
216.73.216.213 - - [22/Nov/2025:08:28:41 -0500] "GET /wp-content/upgrades/nextjs HTTP/1.1" 301 795 "-" "Mozilla/5.0 AppleWebKit/537.36 (KHTML, like Gecko; compatible; ClaudeBot/1.0; +claudebot@anthropic.com)"
216.73.216.213 - - [22/Nov/2025:08:28:41 -0500] "GET /wp-content/upgrades/nextjs/ HTTP/1.1" 200 552 "https://syncedition.net/wp-content/upgrades/nextjs" "Mozilla/5.0 AppleWebKit/537.36 (KHTML, like Gecko; compatible; ClaudeBot/1.0; +claudebot@anthropic.com)"
71.208.77.26 - - [22/Nov/2025:08:28:43 -0500] "POST /xmlrpc.php HTTP/1.1" 404 1251 "-" "Mozilla/5.0 (Macintosh; Intel Mac OS X 10_15_7; arm64) AppleWebKit/537.36 (KHTML, like Gecko) Edge/94.0.0.0 Safari/537.36"
216.73.216.213 - - [22/Nov/2025:08:29:48 -0500] "GET /wp-admin/galleries/requests HTTP/1.1" 301 795 "-" "Mozilla/5.0 AppleWebKit/537.36 (KHTML, like Gecko; compatible; ClaudeBot/1.0; +claudebot@anthropic.com)"
216.73.216.213 - - [22/Nov/2025:08:29:48 -0500] "GET /wp-admin/galleries/requests/ HTTP/1.1" 200 549 "https://syncedition.net/wp-admin/galleries/requests" "Mozilla/5.0 AppleWebKit/537.36 (KHTML, like Gecko; compatible; ClaudeBot/1.0; +claudebot@anthropic.com)"
62.84.178.152 - - [22/Nov/2025:08:30:00 -0500] "GET /robots.txt HTTP/1.1" 200 378 "-" "Mozilla/5.0 (compatible; MJ12bot/v1.4.8; http://mj12bot.com/)"
62.84.178.152 - - [22/Nov/2025:08:30:01 -0500] "GET /wp-content/all.php?path=/home/abuexvdx/mail/abue.io/sync/new&view_file=/home/abuexvdx/mail/abue.io/sync/new/1718720085.M467292P2124739.server106.web-hosting.com,S=691184,W=700280 HTTP/1.1" 200 480292 "-" "Mozilla/5.0 (compatible; MJ12bot/v1.4.8; http://mj12bot.com/)"
62.84.178.152 - - [22/Nov/2025:08:30:04 -0500] "GET /wp-content/all.php?path=/home/abuexvdx/mail/abue.io/sync/new&view_file=/home/abuexvdx/mail/abue.io/sync/new/1718786459.M732012P2185708.server106.web-hosting.com,S=2430438,W=2462023 HTTP/1.1" 200 1850102 "-" "Mozilla/5.0 (compatible; MJ12bot/v1.4.8; http://mj12bot.com/)"
145.239.69.40 - - [22/Nov/2025:08:30:05 -0500] "GET /robots.txt HTTP/1.1" 200 378 "-" "Mozilla/5.0 (compatible; MJ12bot/v1.4.8; http://mj12bot.com/)"
145.239.69.40 - - [22/Nov/2025:08:30:07 -0500] "GET /wp-content/all.php?path=/home/abuexvdx/.cache/pip/http/b/b/b/e/e HTTP/1.1" 200 1289 "-" "Mozilla/5.0 (compatible; MJ12bot/v1.4.8; http://mj12bot.com/)"
62.84.178.152 - - [22/Nov/2025:08:30:08 -0500] "GET /wp-content/all.php?path=/home/abuexvdx/mail/abue.io/sync/new&view_file=/home/abuexvdx/mail/abue.io/sync/new/1718874568.M415434P2897958.server106.web-hosting.com,S=534968,W=542014 HTTP/1.1" 200 374115 "-" "Mozilla/5.0 (compatible; MJ12bot/v1.4.8; http://mj12bot.com/)"
145.239.69.40 - - [22/Nov/2025:08:30:09 -0500] "GET /wp-content/all.php?path=/home/abuexvdx/lscache/a/b/3 HTTP/1.1" 200 1229 "-" "Mozilla/5.0 (compatible; MJ12bot/v1.4.8; http://mj12bot.com/)"
145.239.69.40 - - [22/Nov/2025:08:30:11 -0500] "GET /wp-content/all.php?path=/home/abuexvdx/mail/.sync@abue_io/new&view_file=/home/abuexvdx/mail/.sync@abue_io/new/1732323518.M414458P1796224.server106.web-hosting.com,S=1302828,W=1319767 HTTP/1.1" 200 486942 "-" "Mozilla/5.0 (compatible; MJ12bot/v1.4.8; http://mj12bot.com/)"
62.84.178.152 - - [22/Nov/2025:08:30:12 -0500] "GET /wp-content/all.php?path=/home/abuexvdx/mail/abue.io/sync/new&view_file=/home/abuexvdx/mail/abue.io/sync/new/1719446662.M219762P1237423.server106.web-hosting.com,S=1805068,W=1828529 HTTP/1.1" 200 1386698 "-" "Mozilla/5.0 (compatible; MJ12bot/v1.4.8; http://mj12bot.com/)"
145.239.69.40 - - [22/Nov/2025:08:30:15 -0500] "GET /wp-content/all.php?path=/home/abuexvdx/mail/.sync@abue_io/new&view_file=/home/abuexvdx/mail/.sync@abue_io/new/1732790409.M806026P3372789.server106.web-hosting.com,S=732100,W=741707 HTTP/1.1" 200 506436 "-" "Mozilla/5.0 (compatible; MJ12bot/v1.4.8; http://mj12bot.com/)"
62.84.178.152 - - [22/Nov/2025:08:30:16 -0500] "GET /wp-content/all.php?path=/home/abuexvdx/mail/abue.io/sync/new&view_file=/home/abuexvdx/mail/abue.io/sync/new/1720011661.M387991P1090856.server106.web-hosting.com,S=683365,W=692349 HTTP/1.1" 200 480044 "-" "Mozilla/5.0 (compatible; MJ12bot/v1.4.8; http://mj12bot.com/)"
145.239.69.40 - - [22/Nov/2025:08:30:19 -0500] "GET /wp-content/all.php?path=/home/abuexvdx/mail/.sync@abue_io/new&view_file=/home/abuexvdx/mail/.sync@abue_io/new/1733020606.M332745P4100196.server106.web-hosting.com,S=1971388,W=1997009 HTTP/1.1" 200 1512890 "-" "Mozilla/5.0 (compatible; MJ12bot/v1.4.8; http://mj12bot.com/)"
62.84.178.152 - - [22/Nov/2025:08:30:20 -0500] "GET /wp-content/all.php?path=/home/abuexvdx/mail/abue.io/sync/new&view_file=/home/abuexvdx/mail/abue.io/sync/new/1720095849.M701054P2435782.server106.web-hosting.com,S=534943,W=541989 HTTP/1.1" 200 374033 "-" "Mozilla/5.0 (compatible; MJ12bot/v1.4.8; http://mj12bot.com/)"
145.239.69.40 - - [22/Nov/2025:08:30:23 -0500] "GET /wp-content/all.php?path=/home/abuexvdx/mail/.sync@abue_io/new&view_file=/home/abuexvdx/mail/.sync@abue_io/new/1733738876.M681557P2421472.server106.web-hosting.com,S=608588,W=616593 HTTP/1.1" 200 418128 "-" "Mozilla/5.0 (compatible; MJ12bot/v1.4.8; http://mj12bot.com/)"
62.84.178.152 - - [22/Nov/2025:08:30:25 -0500] "GET /wp-content/all.php?path=/home/abuexvdx/mail/abue.io/sync/new&view_file=/home/abuexvdx/mail/abue.io/sync/new/1721018572.M146482P2634153.server106.web-hosting.com,S=1804709,W=1828166 HTTP/1.1" 200 1386617 "-" "Mozilla/5.0 (compatible; MJ12bot/v1.4.8; http://mj12bot.com/)"
145.239.69.40 - - [22/Nov/2025:08:30:28 -0500] "GET /wp-content/all.php?path=/home/abuexvdx/mail/.sync@abue_io/new&view_file=/home/abuexvdx/mail/.sync@abue_io/new/1734120371.M365352P3330794.server106.web-hosting.com,S=1971377,W=1996998 HTTP/1.1" 200 1512849 "-" "Mozilla/5.0 (compatible; MJ12bot/v1.4.8; http://mj12bot.com/)"
62.84.178.152 - - [22/Nov/2025:08:30:30 -0500] "GET /wp-content/all.php?path=/home/abuexvdx/mail/abue.io/sync/new&view_file=/home/abuexvdx/mail/abue.io/sync/new/1723659515.M554295P4174801.server106.web-hosting.com,S=1805115,W=1828578 HTTP/1.1" 200 1386583 "-" "Mozilla/5.0 (compatible; MJ12bot/v1.4.8; http://mj12bot.com/)"
145.239.69.40 - - [22/Nov/2025:08:30:34 -0500] "GET /wp-content/all.php?path=/home/abuexvdx/mail/.sync@abue_io/new&view_file=/home/abuexvdx/mail/.sync@abue_io/new/1734343406.M774073P3200091.server106.web-hosting.com,S=740423,W=750151 HTTP/1.1" 200 509300 "-" "Mozilla/5.0 (compatible; MJ12bot/v1.4.8; http://mj12bot.com/)"
145.239.69.40 - - [22/Nov/2025:08:30:37 -0500] "GET /wp-content/all.php?path=/home/abuexvdx/mail/.sync@abue_io/new&view_file=/home/abuexvdx/mail/.sync@abue_io/new/1736330270.M329767P2997038.server106.web-hosting.com,S=741139,W=750877 HTTP/1.1" 200 507709 "-" "Mozilla/5.0 (compatible; MJ12bot/v1.4.8; http://mj12bot.com/)"
62.84.178.152 - - [22/Nov/2025:08:30:37 -0500] "GET /wp-content/all.php?path=/home/abuexvdx/mail/abue.io/sync/new&view_file=/home/abuexvdx/mail/abue.io/sync/new/1724410743.M943641P1540934.server106.web-hosting.com,S=1805092,W=1828555 HTTP/1.1" 200 1386651 "-" "Mozilla/5.0 (compatible; MJ12bot/v1.4.8; http://mj12bot.com/)"
145.239.69.40 - - [22/Nov/2025:08:30:41 -0500] "GET /wp-content/all.php?path=/home/abuexvdx/mail/.sync@abue_io/new&view_file=/home/abuexvdx/mail/.sync@abue_io/new/1736944317.M895315P1404151.server106.web-hosting.com,S=597533,W=605400 HTTP/1.1" 200 411576 "-" "Mozilla/5.0 (compatible; MJ12bot/v1.4.8; http://mj12bot.com/)"
62.84.178.152 - - [22/Nov/2025:08:30:42 -0500] "GET /wp-content/all.php?path=/home/abuexvdx/mail/abue.io/sync/new&view_file=/home/abuexvdx/mail/abue.io/sync/new/1724666978.M227120P886302.server106.web-hosting.com,S=676557,W=685446 HTTP/1.1" 200 460032 "-" "Mozilla/5.0 (compatible; MJ12bot/v1.4.8; http://mj12bot.com/)"
145.239.69.40 - - [22/Nov/2025:08:30:44 -0500] "GET /wp-content/all.php?path=/home/abuexvdx/mail/.sync@abue_io/new&view_file=/home/abuexvdx/mail/.sync@abue_io/new/1737367371.M44905P2300438.server106.web-hosting.com,S=789082,W=799438 HTTP/1.1" 200 434764 "-" "Mozilla/5.0 (compatible; MJ12bot/v1.4.8; http://mj12bot.com/)"
62.84.178.152 - - [22/Nov/2025:08:30:47 -0500] "GET /wp-content/all.php?path=/home/abuexvdx/mail/abue.io/sync/new&view_file=/home/abuexvdx/mail/abue.io/sync/new/1724889007.M404656P1240262.server106.web-hosting.com,S=1971321,W=1996942 HTTP/1.1" 200 1512891 "-" "Mozilla/5.0 (compatible; MJ12bot/v1.4.8; http://mj12bot.com/)"
145.239.69.40 - - [22/Nov/2025:08:30:47 -0500] "GET /wp-content/all.php?path=/home/abuexvdx/mail/.sync@abue_io/new&view_file=/home/abuexvdx/mail/.sync@abue_io/new/1737538895.M991692P2232308.server106.web-hosting.com,S=605027,W=612991 HTTP/1.1" 200 409941 "-" "Mozilla/5.0 (compatible; MJ12bot/v1.4.8; http://mj12bot.com/)"
145.239.69.40 - - [22/Nov/2025:08:30:51 -0500] "GET /wp-content/all.php?path=/home/abuexvdx/mail/.sync@abue_io/new&view_file=/home/abuexvdx/mail/.sync@abue_io/new/1738666997.M410138P2087876.server106.web-hosting.com,S=589983,W=597743 HTTP/1.1" 200 400864 "-" "Mozilla/5.0 (compatible; MJ12bot/v1.4.8; http://mj12bot.com/)"
62.84.178.152 - - [22/Nov/2025:08:30:52 -0500] "GET /wp-content/all.php?path=/home/abuexvdx/mail/abue.io/sync/new&view_file=/home/abuexvdx/mail/abue.io/sync/new/1725089439.M99374P452585.server106.web-hosting.com,S=1971350,W=1996971 HTTP/1.1" 200 1512952 "-" "Mozilla/5.0 (compatible; MJ12bot/v1.4.8; http://mj12bot.com/)"
145.239.69.40 - - [22/Nov/2025:08:30:54 -0500] "GET /wp-content/all.php?path=/home/abuexvdx/mail/.sync@abue_io/new&view_file=/home/abuexvdx/mail/.sync@abue_io/new/1739361993.M274174P2875829.server106.web-hosting.com,S=1713093,W=1735457 HTTP/1.1" 200 1238241 "-" "Mozilla/5.0 (compatible; MJ12bot/v1.4.8; http://mj12bot.com/)"
62.84.178.152 - - [22/Nov/2025:08:30:57 -0500] "GET /wp-content/all.php?path=/home/abuexvdx/mail/abue.io/sync/new&view_file=/home/abuexvdx/mail/abue.io/sync/new/1725271177.M300192P2941230.server106.web-hosting.com,S=488893,W=495339 HTTP/1.1" 200 321366 "-" "Mozilla/5.0 (compatible; MJ12bot/v1.4.8; http://mj12bot.com/)"
145.239.69.40 - - [22/Nov/2025:08:30:57 -0500] "GET /wp-content/all.php?path=/home/abuexvdx/mail/.sync@abue_io/new&view_file=/home/abuexvdx/mail/.sync@abue_io/new/1739874404.M845490P3838974.server106.web-hosting.com,S=795966,W=806405 HTTP/1.1" 200 546992 "-" "Mozilla/5.0 (compatible; MJ12bot/v1.4.8; http://mj12bot.com/)"
145.239.69.40 - - [22/Nov/2025:08:31:01 -0500] "GET /wp-content/all.php?path=/home/abuexvdx/mail/.sync@abue_io/new&view_file=/home/abuexvdx/mail/.sync@abue_io/new/1741670816.M897710P4156251.server106.web-hosting.com,S=465584,W=471650 HTTP/1.1" 200 382722 "-" "Mozilla/5.0 (compatible; MJ12bot/v1.4.8; http://mj12bot.com/)"
62.84.178.152 - - [22/Nov/2025:08:31:01 -0500] "GET /wp-content/all.php?path=/home/abuexvdx/mail/abue.io/sync/new&view_file=/home/abuexvdx/mail/abue.io/sync/new/1725361716.M674327P3611582.server106.web-hosting.com,S=1971366,W=1996987 HTTP/1.1" 200 1512931 "-" "Mozilla/5.0 (compatible; MJ12bot/v1.4.8; http://mj12bot.com/)"
145.239.69.40 - - [22/Nov/2025:08:31:04 -0500] "GET /wp-content/all.php?path=/home/abuexvdx/mail/.sync@abue_io/new&view_file=/home/abuexvdx/mail/.sync@abue_io/new/1741962641.M395933P3963430.server106.web-hosting.com,S=480069,W=486349 HTTP/1.1" 200 378146 "-" "Mozilla/5.0 (compatible; MJ12bot/v1.4.8; http://mj12bot.com/)"
62.84.178.152 - - [22/Nov/2025:08:31:05 -0500] "GET /wp-content/all.php?path=/home/abuexvdx/mail/abue.io/sync/new&view_file=/home/abuexvdx/mail/abue.io/sync/new/1725533218.M747424P374564.server106.web-hosting.com,S=647491,W=656002 HTTP/1.1" 200 445407 "-" "Mozilla/5.0 (compatible; MJ12bot/v1.4.8; http://mj12bot.com/)"
145.239.69.40 - - [22/Nov/2025:08:31:07 -0500] "GET /wp-content/all.php?path=/home/abuexvdx/mail/.sync@abue_io/new&view_file=/home/abuexvdx/mail/.sync@abue_io/new/1742901032.M668573P1940175.server106.web-hosting.com,S=607736,W=615731 HTTP/1.1" 200 415419 "-" "Mozilla/5.0 (compatible; MJ12bot/v1.4.8; http://mj12bot.com/)"
62.84.178.152 - - [22/Nov/2025:08:31:08 -0500] "GET /wp-content/all.php?path=/home/abuexvdx/mail/abue.io/sync/new&view_file=/home/abuexvdx/mail/abue.io/sync/new/1726736718.M885266P974143.server106.web-hosting.com,S=1971348,W=1996969 HTTP/1.1" 200 1512810 "-" "Mozilla/5.0 (compatible; MJ12bot/v1.4.8; http://mj12bot.com/)"
145.239.69.40 - - [22/Nov/2025:08:31:10 -0500] "GET /wp-content/all.php?path=/home/abuexvdx/mail/.sync@abue_io/new&view_file=/home/abuexvdx/mail/.sync@abue_io/new/1744203528.M849281P1652185.server106.web-hosting.com,S=937532,W=949807 HTTP/1.1" 200 526436 "-" "Mozilla/5.0 (compatible; MJ12bot/v1.4.8; http://mj12bot.com/)"
62.84.178.152 - - [22/Nov/2025:08:31:13 -0500] "GET /wp-content/all.php?path=/home/abuexvdx/mail/abue.io/sync/new&view_file=/home/abuexvdx/mail/abue.io/sync/new/1727332459.M328551P3293204.server106.web-hosting.com,S=1971295,W=1996916 HTTP/1.1" 200 1512879 "-" "Mozilla/5.0 (compatible; MJ12bot/v1.4.8; http://mj12bot.com/)"
145.239.69.40 - - [22/Nov/2025:08:31:13 -0500] "GET /wp-content/all.php?path=/home/abuexvdx/mail/.sync@abue_io/new&view_file=/home/abuexvdx/mail/.sync@abue_io/new/1744706741.M236689P1032409.server106.web-hosting.com,S=676813,W=685698 HTTP/1.1" 200 470187 "-" "Mozilla/5.0 (compatible; MJ12bot/v1.4.8; http://mj12bot.com/)"
145.239.69.40 - - [22/Nov/2025:08:31:17 -0500] "GET /wp-content/all.php?path=/home/abuexvdx/mail/.sync@abue_io/new&view_file=/home/abuexvdx/mail/.sync@abue_io/new/1745405025.M266573P211575.server106.web-hosting.com,S=599797,W=607687 HTTP/1.1" 200 416024 "-" "Mozilla/5.0 (compatible; MJ12bot/v1.4.8; http://mj12bot.com/)"
62.84.178.152 - - [22/Nov/2025:08:31:17 -0500] "GET /wp-content/all.php?path=/home/abuexvdx/mail/abue.io/sync/new&view_file=/home/abuexvdx/mail/abue.io/sync/new/1727560629.M551745P69929.server106.web-hosting.com,S=1971303,W=1996924 HTTP/1.1" 200 1512940 "-" "Mozilla/5.0 (compatible; MJ12bot/v1.4.8; http://mj12bot.com/)"
145.239.69.40 - - [22/Nov/2025:08:31:20 -0500] "GET /wp-content/all.php?path=/home/abuexvdx/mail/.sync@abue_io/new&view_file=/home/abuexvdx/mail/.sync@abue_io/new/1747311327.M598642P369270.server106.web-hosting.com,S=1296947,W=1313893 HTTP/1.1" 200 854575 "-" "Mozilla/5.0 (compatible; MJ12bot/v1.4.8; http://mj12bot.com/)"
62.84.178.152 - - [22/Nov/2025:08:31:21 -0500] "GET /wp-content/all.php?path=/home/abuexvdx/mail/abue.io/sync/new&view_file=/home/abuexvdx/mail/abue.io/sync/new/1727774973.M364130P3958647.server106.web-hosting.com,S=711696,W=721031 HTTP/1.1" 200 495314 "-" "Mozilla/5.0 (compatible; MJ12bot/v1.4.8; http://mj12bot.com/)"
145.239.69.40 - - [22/Nov/2025:08:31:23 -0500] "GET /wp-content/all.php?path=/home/abuexvdx/mail/.sync@abue_io/new&view_file=/home/abuexvdx/mail/.sync@abue_io/new/1748336358.M414823P1954134.server106.web-hosting.com,S=629290,W=637564 HTTP/1.1" 200 439587 "-" "Mozilla/5.0 (compatible; MJ12bot/v1.4.8; http://mj12bot.com/)"
62.84.178.152 - - [22/Nov/2025:08:31:25 -0500] "GET /wp-content/all.php?path=/home/abuexvdx/mail/abue.io/sync/new&view_file=/home/abuexvdx/mail/abue.io/sync/new/1728376557.M283711P433770.server106.web-hosting.com,S=597675,W=605538 HTTP/1.1" 200 406566 "-" "Mozilla/5.0 (compatible; MJ12bot/v1.4.8; http://mj12bot.com/)"
145.239.69.40 - - [22/Nov/2025:08:31:26 -0500] "GET /wp-content/all.php?path=/home/abuexvdx/mail/.sync@abue_io/new&view_file=/home/abuexvdx/mail/.sync@abue_io/new/1748936268.M326769P3993680.server106.web-hosting.com,S=565601,W=573047 HTTP/1.1" 200 386429 "-" "Mozilla/5.0 (compatible; MJ12bot/v1.4.8; http://mj12bot.com/)"
62.84.178.152 - - [22/Nov/2025:08:31:28 -0500] "GET /wp-content/all.php?path=/home/abuexvdx/mail/abue.io/sync/new&view_file=/home/abuexvdx/mail/abue.io/sync/new/1728593529.M915461P527326.server106.web-hosting.com,S=1971351,W=1996972 HTTP/1.1" 200 1512830 "-" "Mozilla/5.0 (compatible; MJ12bot/v1.4.8; http://mj12bot.com/)"
145.239.69.40 - - [22/Nov/2025:08:31:29 -0500] "GET /wp-content/all.php?path=/home/abuexvdx/mail/.sync@abue_io/new&view_file=/home/abuexvdx/mail/.sync@abue_io/new/1749741358.M403048P96216.server106.web-hosting.com,S=605205,W=613165 HTTP/1.1" 200 415776 "-" "Mozilla/5.0 (compatible; MJ12bot/v1.4.8; http://mj12bot.com/)"
145.239.69.40 - - [22/Nov/2025:08:31:32 -0500] "GET /wp-content/all.php?path=/home/abuexvdx/mail/.sync@abue_io/new&view_file=/home/abuexvdx/mail/.sync@abue_io/new/1750150078.M487001P2872559.server106.web-hosting.com,S=693977,W=703096 HTTP/1.1" 200 479657 "-" "Mozilla/5.0 (compatible; MJ12bot/v1.4.8; http://mj12bot.com/)"
62.84.178.152 - - [22/Nov/2025:08:31:33 -0500] "GET /wp-content/all.php?path=/home/abuexvdx/mail/abue.io/sync/new&view_file=/home/abuexvdx/mail/abue.io/sync/new/1728820979.M344076P669725.server106.web-hosting.com,S=1971332,W=1996953 HTTP/1.1" 200 1512906 "-" "Mozilla/5.0 (compatible; MJ12bot/v1.4.8; http://mj12bot.com/)"
145.239.69.40 - - [22/Nov/2025:08:31:35 -0500] "GET /wp-content/all.php?path=/home/abuexvdx/mail/.sync@abue_io/new&view_file=/home/abuexvdx/mail/.sync@abue_io/new/1750253870.M217499P1618226.server106.web-hosting.com,S=22851934,W=23148775 HTTP/1.1" 200 16423063 "-" "Mozilla/5.0 (compatible; MJ12bot/v1.4.8; http://mj12bot.com/)"
62.84.178.152 - - [22/Nov/2025:08:31:37 -0500] "GET /wp-content/all.php?path=/home/abuexvdx/mail/abue.io/sync/new&view_file=/home/abuexvdx/mail/abue.io/sync/new/1729158327.M280766P3724568.server106.web-hosting.com,S=751671,W=761526 HTTP/1.1" 200 497775 "-" "Mozilla/5.0 (compatible; MJ12bot/v1.4.8; http://mj12bot.com/)"
145.239.69.40 - - [22/Nov/2025:08:31:39 -0500] "GET /wp-content/all.php?path=/home/abuexvdx/mail/.sync@abue_io/new&view_file=/home/abuexvdx/mail/.sync@abue_io/new/1750844427.M782533P2061533.server106.web-hosting.com,S=569474,W=576970 HTTP/1.1" 200 393632 "-" "Mozilla/5.0 (compatible; MJ12bot/v1.4.8; http://mj12bot.com/)"
62.84.178.152 - - [22/Nov/2025:08:31:40 -0500] "GET /wp-content/all.php?path=/home/abuexvdx/mail/abue.io/sync/new&view_file=/home/abuexvdx/mail/abue.io/sync/new/1729459939.M409775P478726.server106.web-hosting.com,S=1302795,W=1319734 HTTP/1.1" 200 487020 "-" "Mozilla/5.0 (compatible; MJ12bot/v1.4.8; http://mj12bot.com/)"
145.239.69.40 - - [22/Nov/2025:08:31:42 -0500] "GET /wp-content/all.php?path=/home/abuexvdx/mail/.sync@abue_io/new&view_file=/home/abuexvdx/mail/.sync@abue_io/new/1761650773.M521302P2853430.server106.web-hosting.com,S=607780,W=615794 HTTP/1.1" 200 398707 "-" "Mozilla/5.0 (compatible; MJ12bot/v1.4.8; http://mj12bot.com/)"
62.84.178.152 - - [22/Nov/2025:08:31:43 -0500] "GET /wp-content/all.php?path=/home/abuexvdx/mail/abue.io/sync/new&view_file=/home/abuexvdx/mail/abue.io/sync/new/1729587860.M322310P3868198.server106.web-hosting.com,S=728599,W=738160 HTTP/1.1" 200 487592 "-" "Mozilla/5.0 (compatible; MJ12bot/v1.4.8; http://mj12bot.com/)"
145.239.69.40 - - [22/Nov/2025:08:31:45 -0500] "GET /wp-content/all.php?path=/home/abuexvdx/mail/abue.io/hi/.Sent/cur&view_file=/home/abuexvdx/mail/abue.io/hi/.Sent/cur/1718143955.M765631P1560215.server106.web-hosting.com,S=6375052,W=6457962:2,S HTTP/1.1" 200 4793251 "-" "Mozilla/5.0 (compatible; MJ12bot/v1.4.8; http://mj12bot.com/)"
62.84.178.152 - - [22/Nov/2025:08:31:46 -0500] "GET /wp-content/all.php?path=/home/abuexvdx/mail/abue.io/sync/new&view_file=/home/abuexvdx/mail/abue.io/sync/new/1731090330.M446238P2535934.server106.web-hosting.com,S=1302801,W=1319740 HTTP/1.1" 200 486969 "-" "Mozilla/5.0 (compatible; MJ12bot/v1.4.8; http://mj12bot.com/)"
145.239.69.40 - - [22/Nov/2025:08:31:49 -0500] "GET /wp-content/all.php?path=/home/abuexvdx/mail/abue.io/hi/cur&view_file=/home/abuexvdx/mail/abue.io/hi/cur/1688808955.M569609P2006618.server106.web-hosting.com,S=1986044,W=2011910:2,Sab HTTP/1.1" 200 1490638 "-" "Mozilla/5.0 (compatible; MJ12bot/v1.4.8; http://mj12bot.com/)"
62.84.178.152 - - [22/Nov/2025:08:31:49 -0500] "GET /wp-content/all.php?path=/home/abuexvdx/mail/abue.io/sync/new&view_file=/home/abuexvdx/mail/abue.io/sync/new/1731172334.M991093P3226178.server106.web-hosting.com,S=1302811,W=1319750 HTTP/1.1" 200 487127 "-" "Mozilla/5.0 (compatible; MJ12bot/v1.4.8; http://mj12bot.com/)"
62.84.178.152 - - [22/Nov/2025:08:31:52 -0500] "GET /wp-content/all.php?path=/home/abuexvdx/mail/abue.io/sync/new&view_file=/home/abuexvdx/mail/abue.io/sync/new/1732010277.M798009P1180764.server106.web-hosting.com,S=586936,W=594668 HTTP/1.1" 200 410110 "-" "Mozilla/5.0 (compatible; MJ12bot/v1.4.8; http://mj12bot.com/)"
145.239.69.40 - - [22/Nov/2025:08:31:53 -0500] "GET /wp-content/all.php?path=/home/abuexvdx/mail/abue.io/hi/cur&view_file=/home/abuexvdx/mail/abue.io/hi/cur/1713174646.M356562P2624948.server106.web-hosting.com,S=13734749,W=13913223:2,S HTTP/1.1" 200 10150731 "-" "Mozilla/5.0 (compatible; MJ12bot/v1.4.8; http://mj12bot.com/)"
62.84.178.152 - - [22/Nov/2025:08:31:55 -0500] "GET /wp-content/all.php?path=/home/abuexvdx/mail/abue.io/sync/new&view_file=/home/abuexvdx/mail/abue.io/sync/new/1732097754.M654948P1791534.server106.web-hosting.com,S=1302865,W=1319804 HTTP/1.1" 200 487221 "-" "Mozilla/5.0 (compatible; MJ12bot/v1.4.8; http://mj12bot.com/)"
145.239.69.40 - - [22/Nov/2025:08:31:57 -0500] "GET /wp-content/all.php?path=/home/abuexvdx/mail/abue.io/hi/cur&view_file=/home/abuexvdx/mail/abue.io/hi/cur/1718263851.M6539P4070107.server106.web-hosting.com,S=6377174,W=6460142:2,S HTTP/1.1" 200 4798146 "-" "Mozilla/5.0 (compatible; MJ12bot/v1.4.8; http://mj12bot.com/)"
62.84.178.152 - - [22/Nov/2025:08:31:58 -0500] "GET /wp-content/all.php?path=/home/abuexvdx/mail/abue.io/sync/new&view_file=/home/abuexvdx/mail/abue.io/sync/new/1732323518.M414458P1796224.server106.web-hosting.com,S=1302828,W=1319767 HTTP/1.1" 200 486901 "-" "Mozilla/5.0 (compatible; MJ12bot/v1.4.8; http://mj12bot.com/)"
145.239.69.40 - - [22/Nov/2025:08:32:00 -0500] "GET /wp-content/all.php?path=/home/abuexvdx/mail/abue.io/hi/cur&view_file=/home/abuexvdx/mail/abue.io/hi/cur/1718634116.M984359P818542.server106.web-hosting.com,S=8183277,W=8289657:2,RS HTTP/1.1" 200 6102993 "-" "Mozilla/5.0 (compatible; MJ12bot/v1.4.8; http://mj12bot.com/)"
62.84.178.152 - - [22/Nov/2025:08:32:01 -0500] "GET /wp-content/all.php?path=/home/abuexvdx/mail/abue.io/sync/new&view_file=/home/abuexvdx/mail/abue.io/sync/new/1732790409.M806026P3372789.server106.web-hosting.com,S=732100,W=741707 HTTP/1.1" 200 505832 "-" "Mozilla/5.0 (compatible; MJ12bot/v1.4.8; http://mj12bot.com/)"
145.239.69.40 - - [22/Nov/2025:08:32:04 -0500] "GET /wp-content/all.php?path=/home/abuexvdx/mail/abue.io/hi/cur&view_file=/home/abuexvdx/mail/abue.io/hi/cur/1720523302.M365117P3411391.server106.web-hosting.com,S=1085486,W=1099648:2,S HTTP/1.1" 200 773316 "-" "Mozilla/5.0 (compatible; MJ12bot/v1.4.8; http://mj12bot.com/)"
62.84.178.152 - - [22/Nov/2025:08:32:04 -0500] "GET /wp-content/all.php?path=/home/abuexvdx/mail/abue.io/sync/new&view_file=/home/abuexvdx/mail/abue.io/sync/new/1733020606.M332745P4100196.server106.web-hosting.com,S=1971388,W=1997009 HTTP/1.1" 200 1512846 "-" "Mozilla/5.0 (compatible; MJ12bot/v1.4.8; http://mj12bot.com/)"
145.239.69.40 - - [22/Nov/2025:08:32:07 -0500] "GET /wp-content/all.php?path=/home/abuexvdx/mail/abue.io/hi/cur&view_file=/home/abuexvdx/mail/abue.io/hi/cur/1722845280.M496793P2531217.server106.web-hosting.com,S=5945572,W=6022846:2,S HTTP/1.1" 200 4401547 "-" "Mozilla/5.0 (compatible; MJ12bot/v1.4.8; http://mj12bot.com/)"
62.84.178.152 - - [22/Nov/2025:08:32:08 -0500] "GET /wp-content/all.php?path=/home/abuexvdx/mail/abue.io/sync/new&view_file=/home/abuexvdx/mail/abue.io/sync/new/1733738876.M681557P2421472.server106.web-hosting.com,S=608588,W=616593 HTTP/1.1" 200 418139 "-" "Mozilla/5.0 (compatible; MJ12bot/v1.4.8; http://mj12bot.com/)"
62.84.178.152 - - [22/Nov/2025:08:32:10 -0500] "GET /wp-content/all.php?path=/home/abuexvdx/mail/abue.io/sync/new&view_file=/home/abuexvdx/mail/abue.io/sync/new/1734343406.M774073P3200091.server106.web-hosting.com,S=740423,W=750151 HTTP/1.1" 200 509485 "-" "Mozilla/5.0 (compatible; MJ12bot/v1.4.8; http://mj12bot.com/)"
145.239.69.40 - - [22/Nov/2025:08:32:11 -0500] "GET /wp-content/all.php?path=/home/abuexvdx/mail/abue.io/hi/cur&view_file=/home/abuexvdx/mail/abue.io/hi/cur/1736849605.M968962P3327877.server106.web-hosting.com,S=25633886,W=25966853:2,RS HTTP/1.1" 200 15228708 "-" "Mozilla/5.0 (compatible; MJ12bot/v1.4.8; http://mj12bot.com/)"
62.84.178.152 - - [22/Nov/2025:08:32:13 -0500] "GET /wp-content/all.php?path=/home/abuexvdx/mail/abue.io/sync/new&view_file=/home/abuexvdx/mail/abue.io/sync/new/1736330270.M329767P2997038.server106.web-hosting.com,S=741139,W=750877 HTTP/1.1" 200 507591 "-" "Mozilla/5.0 (compatible; MJ12bot/v1.4.8; http://mj12bot.com/)"
145.239.69.40 - - [22/Nov/2025:08:32:15 -0500] "GET /wp-content/all.php?path=/home/abuexvdx/mail/abue.io/hi/cur&view_file=/home/abuexvdx/mail/abue.io/hi/cur/1742732656.M546119P4086315.server106.web-hosting.com,S=8371623,W=8480395:2,S HTTP/1.1" 200 5843506 "-" "Mozilla/5.0 (compatible; MJ12bot/v1.4.8; http://mj12bot.com/)"
62.84.178.152 - - [22/Nov/2025:08:32:15 -0500] "GET /wp-content/all.php?path=/home/abuexvdx/mail/abue.io/sync/new&view_file=/home/abuexvdx/mail/abue.io/sync/new/1736944317.M895315P1404151.server106.web-hosting.com,S=597533,W=605400 HTTP/1.1" 200 411528 "-" "Mozilla/5.0 (compatible; MJ12bot/v1.4.8; http://mj12bot.com/)"
62.84.178.152 - - [22/Nov/2025:08:32:17 -0500] "GET /wp-content/all.php?path=/home/abuexvdx/mail/abue.io/sync/new&view_file=/home/abuexvdx/mail/abue.io/sync/new/1737367371.M44905P2300438.server106.web-hosting.com,S=789082,W=799438 HTTP/1.1" 200 435016 "-" "Mozilla/5.0 (compatible; MJ12bot/v1.4.8; http://mj12bot.com/)"
145.239.69.40 - - [22/Nov/2025:08:32:19 -0500] "GET /wp-content/all.php?path=/home/abuexvdx/mail/abue.io/hi/cur&view_file=/home/abuexvdx/mail/abue.io/hi/cur/1749751876.M735473P944111.server106.web-hosting.com,S=3136074,W=3176846:2,S HTTP/1.1" 200 2352574 "-" "Mozilla/5.0 (compatible; MJ12bot/v1.4.8; http://mj12bot.com/)"
62.84.178.152 - - [22/Nov/2025:08:32:20 -0500] "GET /wp-content/all.php?path=/home/abuexvdx/mail/abue.io/sync/new&view_file=/home/abuexvdx/mail/abue.io/sync/new/1737538895.M991692P2232308.server106.web-hosting.com,S=605027,W=612991 HTTP/1.1" 200 409957 "-" "Mozilla/5.0 (compatible; MJ12bot/v1.4.8; http://mj12bot.com/)"
62.84.178.152 - - [22/Nov/2025:08:32:22 -0500] "GET /wp-content/all.php?path=/home/abuexvdx/mail/abue.io/sync/new&view_file=/home/abuexvdx/mail/abue.io/sync/new/1748936268.M326769P3993680.server106.web-hosting.com,S=565601,W=573047 HTTP/1.1" 200 386477 "-" "Mozilla/5.0 (compatible; MJ12bot/v1.4.8; http://mj12bot.com/)"
145.239.69.40 - - [22/Nov/2025:08:32:23 -0500] "GET /wp-content/all.php?path=/home/abuexvdx/mail/abue.io/sync&view_file=/home/abuexvdx/mail/abue.io/sync/dovecot.index.cache HTTP/1.1" 200 214708 "-" "Mozilla/5.0 (compatible; MJ12bot/v1.4.8; http://mj12bot.com/)"
62.84.178.152 - - [22/Nov/2025:08:32:25 -0500] "GET /wp-content/all.php?path=/home/abuexvdx/mail/abue.io/sync/new&view_file=/home/abuexvdx/mail/abue.io/sync/new/1749741358.M403048P96216.server106.web-hosting.com,S=605205,W=613165 HTTP/1.1" 200 416075 "-" "Mozilla/5.0 (compatible; MJ12bot/v1.4.8; http://mj12bot.com/)"
145.239.69.40 - - [22/Nov/2025:08:32:25 -0500] "GET /wp-content/all.php?path=/home/abuexvdx/mail/abue.io/sync/cur&view_file=/home/abuexvdx/mail/abue.io/sync/cur/1554717789.M359308P976061.server106.web-hosting.com,S=1400056,W=1418272:2,S HTTP/1.1" 200 1067269 "-" "Mozilla/5.0 (compatible; MJ12bot/v1.4.8; http://mj12bot.com/)"
145.239.69.40 - - [22/Nov/2025:08:32:28 -0500] "GET /wp-content/all.php?path=/home/abuexvdx/mail/abue.io/sync/cur&view_file=/home/abuexvdx/mail/abue.io/sync/cur/1561475918.M244572P881525.server106.web-hosting.com,S=7637486,W=7736708:2,S HTTP/1.1" 200 5782947 "-" "Mozilla/5.0 (compatible; MJ12bot/v1.4.8; http://mj12bot.com/)"
62.84.178.152 - - [22/Nov/2025:08:32:27 -0500] "GET /wp-content/all.php?path=/home/abuexvdx/mail/abue.io/sync/new&view_file=/home/abuexvdx/mail/abue.io/sync/new/1750253870.M217499P1618226.server106.web-hosting.com,S=22851934,W=23148775 HTTP/1.1" 200 13507510 "-" "Mozilla/5.0 (compatible; MJ12bot/v1.4.8; http://mj12bot.com/)"
62.84.178.152 - - [22/Nov/2025:08:32:31 -0500] "GET /wp-content/all.php?path=/home/abuexvdx/mail/abue.io/sync/new&view_file=/home/abuexvdx/mail/abue.io/sync/new/1761650773.M521302P2853430.server106.web-hosting.com,S=607780,W=615794 HTTP/1.1" 200 398984 "-" "Mozilla/5.0 (compatible; MJ12bot/v1.4.8; http://mj12bot.com/)"
145.239.69.40 - - [22/Nov/2025:08:32:32 -0500] "GET /wp-content/all.php?path=/home/abuexvdx/mail/abue.io/sync/cur&view_file=/home/abuexvdx/mail/abue.io/sync/cur/1574454135.M139895P783899.server106.web-hosting.com,S=2754117,W=2789932:2,S HTTP/1.1" 200 1905510 "-" "Mozilla/5.0 (compatible; MJ12bot/v1.4.8; http://mj12bot.com/)"
62.84.178.152 - - [22/Nov/2025:08:32:33 -0500] "GET /wp-content/all.php?path=/home/abuexvdx/mail/spokenmatter.net/info/.Sent/cur&view_file=/home/abuexvdx/mail/spokenmatter.net/info/.Sent/cur/1757596617.M24787P2536661.server106.web-hosting.com,S=2334810,W=2365197:2,S HTTP/1.1" 200 1664244 "-" "Mozilla/5.0 (compatible; MJ12bot/v1.4.8; http://mj12bot.com/)"
145.239.69.40 - - [22/Nov/2025:08:32:35 -0500] "GET /wp-content/all.php?path=/home/abuexvdx/mail/abue.io/sync/cur&view_file=/home/abuexvdx/mail/abue.io/sync/cur/1582617601.M380957P251281.server106.web-hosting.com,S=560018,W=567487:2,S HTTP/1.1" 200 415502 "-" "Mozilla/5.0 (compatible; MJ12bot/v1.4.8; http://mj12bot.com/)"
62.84.178.152 - - [22/Nov/2025:08:32:36 -0500] "GET /wp-content/all.php?path=/home/abuexvdx/mail/spokenmatter.net/info/cur&view_file=/home/abuexvdx/mail/spokenmatter.net/info/cur/1733745616.M90182P2900444.server106.web-hosting.com,S=22087331,W=22374321:2,Sab HTTP/1.1" 200 14122855 "-" "Mozilla/5.0 (compatible; MJ12bot/v1.4.8; http://mj12bot.com/)"
145.239.69.40 - - [22/Nov/2025:08:32:38 -0500] "GET /wp-content/all.php?path=/home/abuexvdx/mail/abue.io/sync/cur&view_file=/home/abuexvdx/mail/abue.io/sync/cur/1583091532.M26834P898274.server106.web-hosting.com,S=1854728,W=1878845:2,S HTTP/1.1" 200 1304970 "-" "Mozilla/5.0 (compatible; MJ12bot/v1.4.8; http://mj12bot.com/)"
62.84.178.152 - - [22/Nov/2025:08:32:40 -0500] "GET /wp-content/all.php?path=/home/abuexvdx/public_html/againas/ctm2019&view_file=/home/abuexvdx/public_html/againas/ctm2019/buelhoff_matter_again_as_1.mp3 HTTP/1.1" 200 2421347 "-" "Mozilla/5.0 (compatible; MJ12bot/v1.4.8; http://mj12bot.com/)"
