/home/abuexvdx/access-logs/spokenmatter.abue.io-ssl_log
52.167.144.204 - - [22/Nov/2025:07:16:20 -0500] "GET /103274340.htm HTTP/1.1" 200 25060 "-" "Mozilla/5.0 AppleWebKit/537.36 (KHTML, like Gecko; compatible; bingbot/2.0; +http://www.bing.com/bingbot.htm) Chrome/116.0.1938.76 Safari/537.36"
68.65.120.234 - - [22/Nov/2025:07:23:10 -0500] "POST /wp-cron.php?doing_wp_cron=1763814190.0619540214538574218750 HTTP/1.1" 200 0 "-" "WordPress/6.8.3; https://spokenmatter.net"
220.181.108.94 - - [22/Nov/2025:07:23:09 -0500] "GET / HTTP/1.1" 200 19776 "-" "Mozilla/5.0 (compatible; Baiduspider/2.0; +http://www.baidu.com/search/spider.html)"
68.65.120.234 - - [22/Nov/2025:07:30:49 -0500] "POST /wp-cron.php?doing_wp_cron=1763814649.3487310409545898437500 HTTP/1.1" 200 0 "-" "WordPress/6.8.3; https://spokenmatter.net"
43.154.250.181 - - [22/Nov/2025:07:30:48 -0500] "GET / HTTP/1.1" 200 19768 "http://spokenmatter.net" "Mozilla/5.0 (iPhone; CPU iPhone OS 13_2_3 like Mac OS X) AppleWebKit/605.1.15 (KHTML, like Gecko) Version/13.0.3 Mobile/15E148 Safari/604.1"
52.167.144.166 - - [22/Nov/2025:07:33:23 -0500] "GET /127736392.htm HTTP/1.1" 200 27304 "-" "Mozilla/5.0 AppleWebKit/537.36 (KHTML, like Gecko; compatible; bingbot/2.0; +http://www.bing.com/bingbot.htm) Chrome/116.0.1938.76 Safari/537.36"
40.77.167.9 - - [22/Nov/2025:07:40:03 -0500] "GET /301052697.htm HTTP/1.1" 200 23366 "-" "Mozilla/5.0 AppleWebKit/537.36 (KHTML, like Gecko; compatible; bingbot/2.0; +http://www.bing.com/bingbot.htm) Chrome/116.0.1938.76 Safari/537.36"
68.65.120.234 - - [22/Nov/2025:07:40:43 -0500] "POST /wp-cron.php?doing_wp_cron=1763815243.6619389057159423828125 HTTP/1.1" 200 0 "-" "WordPress/6.8.3; https://spokenmatter.net"
216.73.216.106 - - [22/Nov/2025:07:40:42 -0500] "GET /shopbrand/878040.shtm HTTP/1.1" 404 16167 "-" "Mozilla/5.0 AppleWebKit/537.36 (KHTML, like Gecko; compatible; ClaudeBot/1.0; +claudebot@anthropic.com)"
216.73.216.106 - - [22/Nov/2025:07:40:45 -0500] "GET /shopbrand/846175.shtm HTTP/1.1" 404 16166 "-" "Mozilla/5.0 AppleWebKit/537.36 (KHTML, like Gecko; compatible; ClaudeBot/1.0; +claudebot@anthropic.com)"
216.73.216.106 - - [22/Nov/2025:07:40:48 -0500] "GET /shopbrand/828657.shtm HTTP/1.1" 404 16167 "-" "Mozilla/5.0 AppleWebKit/537.36 (KHTML, like Gecko; compatible; ClaudeBot/1.0; +claudebot@anthropic.com)"
216.73.216.106 - - [22/Nov/2025:07:40:51 -0500] "GET /shopbrand/822832.shtm HTTP/1.1" 404 16168 "-" "Mozilla/5.0 AppleWebKit/537.36 (KHTML, like Gecko; compatible; ClaudeBot/1.0; +claudebot@anthropic.com)"
216.73.216.106 - - [22/Nov/2025:07:40:54 -0500] "GET /shopbrand/817708.shtm HTTP/1.1" 404 16167 "-" "Mozilla/5.0 AppleWebKit/537.36 (KHTML, like Gecko; compatible; ClaudeBot/1.0; +claudebot@anthropic.com)"
216.73.216.106 - - [22/Nov/2025:07:40:57 -0500] "GET /shopbrand/851230.shtm HTTP/1.1" 404 16166 "-" "Mozilla/5.0 AppleWebKit/537.36 (KHTML, like Gecko; compatible; ClaudeBot/1.0; +claudebot@anthropic.com)"
216.73.216.106 - - [22/Nov/2025:07:41:00 -0500] "GET /shopbrand/880015.shtm HTTP/1.1" 404 16166 "-" "Mozilla/5.0 AppleWebKit/537.36 (KHTML, like Gecko; compatible; ClaudeBot/1.0; +claudebot@anthropic.com)"
216.73.216.106 - - [22/Nov/2025:07:41:03 -0500] "GET /shopbrand/857998.shtm HTTP/1.1" 404 16166 "-" "Mozilla/5.0 AppleWebKit/537.36 (KHTML, like Gecko; compatible; ClaudeBot/1.0; +claudebot@anthropic.com)"
216.73.216.106 - - [22/Nov/2025:07:41:09 -0500] "GET /shopbrand/850160.shtm HTTP/1.1" 404 16166 "-" "Mozilla/5.0 AppleWebKit/537.36 (KHTML, like Gecko; compatible; ClaudeBot/1.0; +claudebot@anthropic.com)"
216.73.216.106 - - [22/Nov/2025:07:41:12 -0500] "GET /shopbrand/850348.shtm HTTP/1.1" 404 16166 "-" "Mozilla/5.0 AppleWebKit/537.36 (KHTML, like Gecko; compatible; ClaudeBot/1.0; +claudebot@anthropic.com)"
216.73.216.106 - - [22/Nov/2025:07:41:15 -0500] "GET /shopbrand/856027.shtm HTTP/1.1" 404 16166 "-" "Mozilla/5.0 AppleWebKit/537.36 (KHTML, like Gecko; compatible; ClaudeBot/1.0; +claudebot@anthropic.com)"
68.65.120.234 - - [22/Nov/2025:07:41:48 -0500] "POST /wp-cron.php?doing_wp_cron=1763815308.4738059043884277343750 HTTP/1.1" 200 0 "-" "WordPress/6.8.3; https://spokenmatter.net"
216.73.216.106 - - [22/Nov/2025:07:41:47 -0500] "GET /shopbrand/832957.shtm HTTP/1.1" 404 16167 "-" "Mozilla/5.0 AppleWebKit/537.36 (KHTML, like Gecko; compatible; ClaudeBot/1.0; +claudebot@anthropic.com)"
216.73.216.106 - - [22/Nov/2025:07:41:50 -0500] "GET /shopbrand/830628.shtm HTTP/1.1" 404 16166 "-" "Mozilla/5.0 AppleWebKit/537.36 (KHTML, like Gecko; compatible; ClaudeBot/1.0; +claudebot@anthropic.com)"
216.73.216.106 - - [22/Nov/2025:07:41:53 -0500] "GET /shopbrand/841508.shtm HTTP/1.1" 404 16166 "-" "Mozilla/5.0 AppleWebKit/537.36 (KHTML, like Gecko; compatible; ClaudeBot/1.0; +claudebot@anthropic.com)"
216.73.216.106 - - [22/Nov/2025:07:41:56 -0500] "GET /shopbrand/820112.shtm HTTP/1.1" 404 16166 "-" "Mozilla/5.0 AppleWebKit/537.36 (KHTML, like Gecko; compatible; ClaudeBot/1.0; +claudebot@anthropic.com)"
216.73.216.106 - - [22/Nov/2025:07:41:59 -0500] "GET /shopbrand/812507.shtm HTTP/1.1" 404 16166 "-" "Mozilla/5.0 AppleWebKit/537.36 (KHTML, like Gecko; compatible; ClaudeBot/1.0; +claudebot@anthropic.com)"
216.73.216.106 - - [22/Nov/2025:07:42:22 -0500] "GET /shopbrand/853698.shtm HTTP/1.1" 404 16167 "-" "Mozilla/5.0 AppleWebKit/537.36 (KHTML, like Gecko; compatible; ClaudeBot/1.0; +claudebot@anthropic.com)"
216.73.216.106 - - [22/Nov/2025:07:42:25 -0500] "GET /shopbrand/857227.shtm HTTP/1.1" 404 16168 "-" "Mozilla/5.0 AppleWebKit/537.36 (KHTML, like Gecko; compatible; ClaudeBot/1.0; +claudebot@anthropic.com)"
216.73.216.106 - - [22/Nov/2025:07:42:28 -0500] "GET /shopbrand/851878.shtm HTTP/1.1" 404 16166 "-" "Mozilla/5.0 AppleWebKit/537.36 (KHTML, like Gecko; compatible; ClaudeBot/1.0; +claudebot@anthropic.com)"
68.65.120.234 - - [22/Nov/2025:07:42:31 -0500] "POST /wp-cron.php?doing_wp_cron=1763815351.8587670326232910156250 HTTP/1.1" 200 0 "-" "WordPress/6.8.3; https://spokenmatter.net"
216.73.216.106 - - [22/Nov/2025:07:42:31 -0500] "GET /shopbrand/877166.shtm HTTP/1.1" 404 16167 "-" "Mozilla/5.0 AppleWebKit/537.36 (KHTML, like Gecko; compatible; ClaudeBot/1.0; +claudebot@anthropic.com)"
216.73.216.106 - - [22/Nov/2025:07:42:34 -0500] "GET /shopbrand/852943.shtm HTTP/1.1" 404 16167 "-" "Mozilla/5.0 AppleWebKit/537.36 (KHTML, like Gecko; compatible; ClaudeBot/1.0; +claudebot@anthropic.com)"
216.73.216.106 - - [22/Nov/2025:07:42:37 -0500] "GET /shopbrand/816170.shtm HTTP/1.1" 404 16167 "-" "Mozilla/5.0 AppleWebKit/537.36 (KHTML, like Gecko; compatible; ClaudeBot/1.0; +claudebot@anthropic.com)"
216.73.216.106 - - [22/Nov/2025:07:42:40 -0500] "GET /shopbrand/885285.shtm HTTP/1.1" 404 16166 "-" "Mozilla/5.0 AppleWebKit/537.36 (KHTML, like Gecko; compatible; ClaudeBot/1.0; +claudebot@anthropic.com)"
216.73.216.106 - - [22/Nov/2025:07:42:46 -0500] "GET /shopbrand/850678.shtm HTTP/1.1" 404 16167 "-" "Mozilla/5.0 AppleWebKit/537.36 (KHTML, like Gecko; compatible; ClaudeBot/1.0; +claudebot@anthropic.com)"
216.73.216.106 - - [22/Nov/2025:07:42:49 -0500] "GET /shopbrand/816257.shtm HTTP/1.1" 404 16167 "-" "Mozilla/5.0 AppleWebKit/537.36 (KHTML, like Gecko; compatible; ClaudeBot/1.0; +claudebot@anthropic.com)"
216.73.216.106 - - [22/Nov/2025:07:42:52 -0500] "GET /shopbrand/823640.shtm HTTP/1.1" 404 16166 "-" "Mozilla/5.0 AppleWebKit/537.36 (KHTML, like Gecko; compatible; ClaudeBot/1.0; +claudebot@anthropic.com)"
216.73.216.106 - - [22/Nov/2025:07:42:55 -0500] "GET /shopbrand/842063.shtm HTTP/1.1" 404 16167 "-" "Mozilla/5.0 AppleWebKit/537.36 (KHTML, like Gecko; compatible; ClaudeBot/1.0; +claudebot@anthropic.com)"
216.73.216.106 - - [22/Nov/2025:07:42:58 -0500] "GET /shopbrand/819859.shtm HTTP/1.1" 404 16167 "-" "Mozilla/5.0 AppleWebKit/537.36 (KHTML, like Gecko; compatible; ClaudeBot/1.0; +claudebot@anthropic.com)"
216.73.216.106 - - [22/Nov/2025:07:43:01 -0500] "GET /shopbrand/826360.shtm HTTP/1.1" 404 16167 "-" "Mozilla/5.0 AppleWebKit/537.36 (KHTML, like Gecko; compatible; ClaudeBot/1.0; +claudebot@anthropic.com)"
216.73.216.106 - - [22/Nov/2025:07:43:04 -0500] "GET /shopbrand/844082.shtm HTTP/1.1" 404 16167 "-" "Mozilla/5.0 AppleWebKit/537.36 (KHTML, like Gecko; compatible; ClaudeBot/1.0; +claudebot@anthropic.com)"
216.73.216.106 - - [22/Nov/2025:07:43:07 -0500] "GET /shopbrand/843846.shtm HTTP/1.1" 404 16167 "-" "Mozilla/5.0 AppleWebKit/537.36 (KHTML, like Gecko; compatible; ClaudeBot/1.0; +claudebot@anthropic.com)"
216.73.216.106 - - [22/Nov/2025:07:43:10 -0500] "GET /shopbrand/818467.shtm HTTP/1.1" 404 16166 "-" "Mozilla/5.0 AppleWebKit/537.36 (KHTML, like Gecko; compatible; ClaudeBot/1.0; +claudebot@anthropic.com)"
216.73.216.106 - - [22/Nov/2025:07:43:13 -0500] "GET /shopbrand/879068.shtm HTTP/1.1" 404 16168 "-" "Mozilla/5.0 AppleWebKit/537.36 (KHTML, like Gecko; compatible; ClaudeBot/1.0; +claudebot@anthropic.com)"
216.73.216.106 - - [22/Nov/2025:07:43:16 -0500] "GET /shopbrand/820005.shtm HTTP/1.1" 404 16167 "-" "Mozilla/5.0 AppleWebKit/537.36 (KHTML, like Gecko; compatible; ClaudeBot/1.0; +claudebot@anthropic.com)"
216.73.216.106 - - [22/Nov/2025:07:43:19 -0500] "GET /shopbrand/853780.shtm HTTP/1.1" 404 16167 "-" "Mozilla/5.0 AppleWebKit/537.36 (KHTML, like Gecko; compatible; ClaudeBot/1.0; +claudebot@anthropic.com)"
216.73.216.106 - - [22/Nov/2025:07:43:22 -0500] "GET /shopbrand/846305.shtm HTTP/1.1" 404 16168 "-" "Mozilla/5.0 AppleWebKit/537.36 (KHTML, like Gecko; compatible; ClaudeBot/1.0; +claudebot@anthropic.com)"
216.73.216.106 - - [22/Nov/2025:07:43:25 -0500] "GET /shopbrand/845877.shtm HTTP/1.1" 404 16167 "-" "Mozilla/5.0 AppleWebKit/537.36 (KHTML, like Gecko; compatible; ClaudeBot/1.0; +claudebot@anthropic.com)"
216.73.216.106 - - [22/Nov/2025:07:43:28 -0500] "GET /shopbrand/870908.shtm HTTP/1.1" 404 16167 "-" "Mozilla/5.0 AppleWebKit/537.36 (KHTML, like Gecko; compatible; ClaudeBot/1.0; +claudebot@anthropic.com)"
68.65.120.234 - - [22/Nov/2025:07:43:31 -0500] "POST /wp-cron.php?doing_wp_cron=1763815411.9498929977416992187500 HTTP/1.1" 200 0 "-" "WordPress/6.8.3; https://spokenmatter.net"
216.73.216.106 - - [22/Nov/2025:07:43:31 -0500] "GET /shopbrand/866373.shtm HTTP/1.1" 404 16167 "-" "Mozilla/5.0 AppleWebKit/537.36 (KHTML, like Gecko; compatible; ClaudeBot/1.0; +claudebot@anthropic.com)"
216.73.216.106 - - [22/Nov/2025:07:43:34 -0500] "GET /shopbrand/871598.shtm HTTP/1.1" 404 16167 "-" "Mozilla/5.0 AppleWebKit/537.36 (KHTML, like Gecko; compatible; ClaudeBot/1.0; +claudebot@anthropic.com)"
216.73.216.106 - - [22/Nov/2025:07:43:37 -0500] "GET /shopbrand/878987.shtm HTTP/1.1" 404 16167 "-" "Mozilla/5.0 AppleWebKit/537.36 (KHTML, like Gecko; compatible; ClaudeBot/1.0; +claudebot@anthropic.com)"
216.73.216.106 - - [22/Nov/2025:07:43:40 -0500] "GET /shopbrand/822343.shtm HTTP/1.1" 404 16167 "-" "Mozilla/5.0 AppleWebKit/537.36 (KHTML, like Gecko; compatible; ClaudeBot/1.0; +claudebot@anthropic.com)"
216.73.216.106 - - [22/Nov/2025:07:43:43 -0500] "GET /shopbrand/839537.shtm HTTP/1.1" 404 16167 "-" "Mozilla/5.0 AppleWebKit/537.36 (KHTML, like Gecko; compatible; ClaudeBot/1.0; +claudebot@anthropic.com)"
216.73.216.106 - - [22/Nov/2025:07:43:46 -0500] "GET /shopbrand/828335.shtm HTTP/1.1" 404 16167 "-" "Mozilla/5.0 AppleWebKit/537.36 (KHTML, like Gecko; compatible; ClaudeBot/1.0; +claudebot@anthropic.com)"
216.73.216.106 - - [22/Nov/2025:07:43:49 -0500] "GET /shopbrand/886848.shtm HTTP/1.1" 404 16167 "-" "Mozilla/5.0 AppleWebKit/537.36 (KHTML, like Gecko; compatible; ClaudeBot/1.0; +claudebot@anthropic.com)"
216.73.216.106 - - [22/Nov/2025:07:43:52 -0500] "GET /shopbrand/879973.shtm HTTP/1.1" 404 16167 "-" "Mozilla/5.0 AppleWebKit/537.36 (KHTML, like Gecko; compatible; ClaudeBot/1.0; +claudebot@anthropic.com)"
216.73.216.106 - - [22/Nov/2025:07:43:55 -0500] "GET /shopbrand/857480.shtm HTTP/1.1" 404 16166 "-" "Mozilla/5.0 AppleWebKit/537.36 (KHTML, like Gecko; compatible; ClaudeBot/1.0; +claudebot@anthropic.com)"
216.73.216.106 - - [22/Nov/2025:07:43:58 -0500] "GET /shopbrand/835295.shtm HTTP/1.1" 404 16167 "-" "Mozilla/5.0 AppleWebKit/537.36 (KHTML, like Gecko; compatible; ClaudeBot/1.0; +claudebot@anthropic.com)"
216.73.216.106 - - [22/Nov/2025:07:44:01 -0500] "GET /shopbrand/883828.shtm HTTP/1.1" 404 16166 "-" "Mozilla/5.0 AppleWebKit/537.36 (KHTML, like Gecko; compatible; ClaudeBot/1.0; +claudebot@anthropic.com)"
37.156.146.119 - - [22/Nov/2025:07:44:02 -0500] "POST /xmlrpc.php HTTP/1.1" 200 208 "-" "Mozilla/5.0 (Windows NT 10.0; WOW64) AppleWebKit/537.36 (KHTML, like Gecko) Chrome/66.0.3359.181 Safari/537.36"
216.73.216.106 - - [22/Nov/2025:07:44:04 -0500] "GET /shopbrand/843070.shtm HTTP/1.1" 404 16166 "-" "Mozilla/5.0 AppleWebKit/537.36 (KHTML, like Gecko; compatible; ClaudeBot/1.0; +claudebot@anthropic.com)"
216.73.216.106 - - [22/Nov/2025:07:44:07 -0500] "GET /shopbrand/864150.shtm HTTP/1.1" 404 16166 "-" "Mozilla/5.0 AppleWebKit/537.36 (KHTML, like Gecko; compatible; ClaudeBot/1.0; +claudebot@anthropic.com)"
216.73.216.106 - - [22/Nov/2025:07:44:10 -0500] "GET /shopbrand/870228.shtm HTTP/1.1" 404 16166 "-" "Mozilla/5.0 AppleWebKit/537.36 (KHTML, like Gecko; compatible; ClaudeBot/1.0; +claudebot@anthropic.com)"
216.73.216.106 - - [22/Nov/2025:07:44:13 -0500] "GET /shopbrand/847118.shtm HTTP/1.1" 404 16167 "-" "Mozilla/5.0 AppleWebKit/537.36 (KHTML, like Gecko; compatible; ClaudeBot/1.0; +claudebot@anthropic.com)"
216.73.216.106 - - [22/Nov/2025:07:44:16 -0500] "GET /shopbrand/846930.shtm HTTP/1.1" 404 16167 "-" "Mozilla/5.0 AppleWebKit/537.36 (KHTML, like Gecko; compatible; ClaudeBot/1.0; +claudebot@anthropic.com)"
216.73.216.106 - - [22/Nov/2025:07:44:19 -0500] "GET /shopbrand/885392.shtm HTTP/1.1" 404 16166 "-" "Mozilla/5.0 AppleWebKit/537.36 (KHTML, like Gecko; compatible; ClaudeBot/1.0; +claudebot@anthropic.com)"
216.73.216.106 - - [22/Nov/2025:07:44:22 -0500] "GET /shopbrand/863268.shtm HTTP/1.1" 404 16166 "-" "Mozilla/5.0 AppleWebKit/537.36 (KHTML, like Gecko; compatible; ClaudeBot/1.0; +claudebot@anthropic.com)"
216.73.216.106 - - [22/Nov/2025:07:44:25 -0500] "GET /shopbrand/863802.shtm HTTP/1.1" 404 16166 "-" "Mozilla/5.0 AppleWebKit/537.36 (KHTML, like Gecko; compatible; ClaudeBot/1.0; +claudebot@anthropic.com)"
68.65.120.234 - - [22/Nov/2025:07:44:29 -0500] "POST /wp-cron.php?doing_wp_cron=1763815469.0029020309448242187500 HTTP/1.1" 200 0 "-" "WordPress/6.8.3; https://spokenmatter.net"
216.73.216.106 - - [22/Nov/2025:07:44:28 -0500] "GET /shopbrand/861730.shtm HTTP/1.1" 404 16167 "-" "Mozilla/5.0 AppleWebKit/537.36 (KHTML, like Gecko; compatible; ClaudeBot/1.0; +claudebot@anthropic.com)"
216.73.216.106 - - [22/Nov/2025:07:44:31 -0500] "GET /shopbrand/855770.shtm HTTP/1.1" 404 16169 "-" "Mozilla/5.0 AppleWebKit/537.36 (KHTML, like Gecko; compatible; ClaudeBot/1.0; +claudebot@anthropic.com)"
216.73.216.106 - - [22/Nov/2025:07:44:34 -0500] "GET /shopbrand/812143.shtm HTTP/1.1" 404 16167 "-" "Mozilla/5.0 AppleWebKit/537.36 (KHTML, like Gecko; compatible; ClaudeBot/1.0; +claudebot@anthropic.com)"
216.73.216.106 - - [22/Nov/2025:07:44:37 -0500] "GET /shopbrand/830926.shtm HTTP/1.1" 404 16167 "-" "Mozilla/5.0 AppleWebKit/537.36 (KHTML, like Gecko; compatible; ClaudeBot/1.0; +claudebot@anthropic.com)"
216.73.216.106 - - [22/Nov/2025:07:44:40 -0500] "GET /shopbrand/886847.shtm HTTP/1.1" 404 16166 "-" "Mozilla/5.0 AppleWebKit/537.36 (KHTML, like Gecko; compatible; ClaudeBot/1.0; +claudebot@anthropic.com)"
216.73.216.106 - - [22/Nov/2025:07:44:43 -0500] "GET /shopbrand/849838.shtm HTTP/1.1" 404 16167 "-" "Mozilla/5.0 AppleWebKit/537.36 (KHTML, like Gecko; compatible; ClaudeBot/1.0; +claudebot@anthropic.com)"
216.73.216.106 - - [22/Nov/2025:07:44:46 -0500] "GET /shopbrand/867678.shtm HTTP/1.1" 404 16167 "-" "Mozilla/5.0 AppleWebKit/537.36 (KHTML, like Gecko; compatible; ClaudeBot/1.0; +claudebot@anthropic.com)"
216.73.216.106 - - [22/Nov/2025:07:44:49 -0500] "GET /shopbrand/827398.shtm HTTP/1.1" 404 16167 "-" "Mozilla/5.0 AppleWebKit/537.36 (KHTML, like Gecko; compatible; ClaudeBot/1.0; +claudebot@anthropic.com)"
216.73.216.106 - - [22/Nov/2025:07:44:52 -0500] "GET /shopbrand/822086.shtm HTTP/1.1" 404 16167 "-" "Mozilla/5.0 AppleWebKit/537.36 (KHTML, like Gecko; compatible; ClaudeBot/1.0; +claudebot@anthropic.com)"
216.73.216.106 - - [22/Nov/2025:07:44:55 -0500] "GET /shopbrand/856537.shtm HTTP/1.1" 404 16169 "-" "Mozilla/5.0 AppleWebKit/537.36 (KHTML, like Gecko; compatible; ClaudeBot/1.0; +claudebot@anthropic.com)"
216.73.216.106 - - [22/Nov/2025:07:44:58 -0500] "GET /shopbrand/846347.shtm HTTP/1.1" 404 16167 "-" "Mozilla/5.0 AppleWebKit/537.36 (KHTML, like Gecko; compatible; ClaudeBot/1.0; +claudebot@anthropic.com)"
216.73.216.106 - - [22/Nov/2025:07:45:01 -0500] "GET /shopbrand/860295.shtm HTTP/1.1" 404 16166 "-" "Mozilla/5.0 AppleWebKit/537.36 (KHTML, like Gecko; compatible; ClaudeBot/1.0; +claudebot@anthropic.com)"
216.73.216.106 - - [22/Nov/2025:07:45:04 -0500] "GET /shopbrand/872695.shtm HTTP/1.1" 404 16167 "-" "Mozilla/5.0 AppleWebKit/537.36 (KHTML, like Gecko; compatible; ClaudeBot/1.0; +claudebot@anthropic.com)"
216.73.216.106 - - [22/Nov/2025:07:45:07 -0500] "GET /shopbrand/819602.shtm HTTP/1.1" 404 16166 "-" "Mozilla/5.0 AppleWebKit/537.36 (KHTML, like Gecko; compatible; ClaudeBot/1.0; +claudebot@anthropic.com)"
216.73.216.106 - - [22/Nov/2025:07:45:10 -0500] "GET /shopbrand/869627.shtm HTTP/1.1" 404 16168 "-" "Mozilla/5.0 AppleWebKit/537.36 (KHTML, like Gecko; compatible; ClaudeBot/1.0; +claudebot@anthropic.com)"
216.73.216.106 - - [22/Nov/2025:07:45:13 -0500] "GET /shopbrand/815227.shtm HTTP/1.1" 404 16166 "-" "Mozilla/5.0 AppleWebKit/537.36 (KHTML, like Gecko; compatible; ClaudeBot/1.0; +claudebot@anthropic.com)"
216.73.216.106 - - [22/Nov/2025:07:45:16 -0500] "GET /shopbrand/867555.shtm HTTP/1.1" 404 16166 "-" "Mozilla/5.0 AppleWebKit/537.36 (KHTML, like Gecko; compatible; ClaudeBot/1.0; +claudebot@anthropic.com)"
216.73.216.106 - - [22/Nov/2025:07:45:19 -0500] "GET /shopbrand/819495.shtm HTTP/1.1" 404 16166 "-" "Mozilla/5.0 AppleWebKit/537.36 (KHTML, like Gecko; compatible; ClaudeBot/1.0; +claudebot@anthropic.com)"
216.73.216.106 - - [22/Nov/2025:07:45:22 -0500] "GET /shopbrand/811973.shtm HTTP/1.1" 404 16169 "-" "Mozilla/5.0 AppleWebKit/537.36 (KHTML, like Gecko; compatible; ClaudeBot/1.0; +claudebot@anthropic.com)"
216.73.216.106 - - [22/Nov/2025:07:45:25 -0500] "GET /shopbrand/869457.shtm HTTP/1.1" 404 16168 "-" "Mozilla/5.0 AppleWebKit/537.36 (KHTML, like Gecko; compatible; ClaudeBot/1.0; +claudebot@anthropic.com)"
216.73.216.106 - - [22/Nov/2025:07:45:28 -0500] "GET /shopbrand/854983.shtm HTTP/1.1" 404 16167 "-" "Mozilla/5.0 AppleWebKit/537.36 (KHTML, like Gecko; compatible; ClaudeBot/1.0; +claudebot@anthropic.com)"
68.65.120.234 - - [22/Nov/2025:07:45:32 -0500] "POST /wp-cron.php?doing_wp_cron=1763815532.0161340236663818359375 HTTP/1.1" 200 0 "-" "WordPress/6.8.3; https://spokenmatter.net"
216.73.216.106 - - [22/Nov/2025:07:45:31 -0500] "GET /shopbrand/823089.shtm HTTP/1.1" 404 16167 "-" "Mozilla/5.0 AppleWebKit/537.36 (KHTML, like Gecko; compatible; ClaudeBot/1.0; +claudebot@anthropic.com)"
216.73.216.106 - - [22/Nov/2025:07:45:34 -0500] "GET /shopbrand/858747.shtm HTTP/1.1" 404 16167 "-" "Mozilla/5.0 AppleWebKit/537.36 (KHTML, like Gecko; compatible; ClaudeBot/1.0; +claudebot@anthropic.com)"
216.73.216.106 - - [22/Nov/2025:07:45:37 -0500] "GET /shopbrand/834915.shtm HTTP/1.1" 404 16167 "-" "Mozilla/5.0 AppleWebKit/537.36 (KHTML, like Gecko; compatible; ClaudeBot/1.0; +claudebot@anthropic.com)"
216.73.216.106 - - [22/Nov/2025:07:45:40 -0500] "GET /shopbrand/869388.shtm HTTP/1.1" 404 16168 "-" "Mozilla/5.0 AppleWebKit/537.36 (KHTML, like Gecko; compatible; ClaudeBot/1.0; +claudebot@anthropic.com)"
216.73.216.106 - - [22/Nov/2025:07:45:43 -0500] "GET /shopbrand/886420.shtm HTTP/1.1" 404 16166 "-" "Mozilla/5.0 AppleWebKit/537.36 (KHTML, like Gecko; compatible; ClaudeBot/1.0; +claudebot@anthropic.com)"
216.73.216.106 - - [22/Nov/2025:07:45:46 -0500] "GET /shopbrand/879240.shtm HTTP/1.1" 404 16167 "-" "Mozilla/5.0 AppleWebKit/537.36 (KHTML, like Gecko; compatible; ClaudeBot/1.0; +claudebot@anthropic.com)"
216.73.216.106 - - [22/Nov/2025:07:45:49 -0500] "GET /shopbrand/862497.shtm HTTP/1.1" 404 16169 "-" "Mozilla/5.0 AppleWebKit/537.36 (KHTML, like Gecko; compatible; ClaudeBot/1.0; +claudebot@anthropic.com)"
216.73.216.106 - - [22/Nov/2025:07:45:52 -0500] "GET /shopbrand/813450.shtm HTTP/1.1" 404 16167 "-" "Mozilla/5.0 AppleWebKit/537.36 (KHTML, like Gecko; compatible; ClaudeBot/1.0; +claudebot@anthropic.com)"
216.73.216.106 - - [22/Nov/2025:07:45:55 -0500] "GET /shopbrand/831419.shtm HTTP/1.1" 404 16166 "-" "Mozilla/5.0 AppleWebKit/537.36 (KHTML, like Gecko; compatible; ClaudeBot/1.0; +claudebot@anthropic.com)"
216.73.216.106 - - [22/Nov/2025:07:45:58 -0500] "GET /shopbrand/877530.shtm HTTP/1.1" 404 16167 "-" "Mozilla/5.0 AppleWebKit/537.36 (KHTML, like Gecko; compatible; ClaudeBot/1.0; +claudebot@anthropic.com)"
216.73.216.106 - - [22/Nov/2025:07:46:01 -0500] "GET /shopbrand/829898.shtm HTTP/1.1" 404 16166 "-" "Mozilla/5.0 AppleWebKit/537.36 (KHTML, like Gecko; compatible; ClaudeBot/1.0; +claudebot@anthropic.com)"
216.73.216.106 - - [22/Nov/2025:07:46:04 -0500] "GET /shopbrand/878260.shtm HTTP/1.1" 404 16166 "-" "Mozilla/5.0 AppleWebKit/537.36 (KHTML, like Gecko; compatible; ClaudeBot/1.0; +claudebot@anthropic.com)"
216.73.216.106 - - [22/Nov/2025:07:46:07 -0500] "GET /shopbrand/861228.shtm HTTP/1.1" 404 16166 "-" "Mozilla/5.0 AppleWebKit/537.36 (KHTML, like Gecko; compatible; ClaudeBot/1.0; +claudebot@anthropic.com)"
52.167.144.174 - - [22/Nov/2025:07:47:03 -0500] "GET /70059098.htm HTTP/1.1" 200 23193 "-" "Mozilla/5.0 AppleWebKit/537.36 (KHTML, like Gecko; compatible; bingbot/2.0; +http://www.bing.com/bingbot.htm) Chrome/116.0.1938.76 Safari/537.36"
68.65.120.234 - - [22/Nov/2025:07:49:00 -0500] "POST /wp-cron.php?doing_wp_cron=1763815739.9240069389343261718750 HTTP/1.1" 200 0 "-" "WordPress/6.8.3; https://spokenmatter.net"
103.186.30.186 - - [22/Nov/2025:07:48:58 -0500] "GET /style.php HTTP/1.1" 404 19571 "http://spokenmatter.net/style.php" "Go-http-client/2.0"
103.186.30.186 - - [22/Nov/2025:07:49:01 -0500] "GET /wp-content/style.php HTTP/1.1" 200 0 "http://spokenmatter.net/wp-content/style.php" "Go-http-client/2.0"
103.186.30.186 - - [22/Nov/2025:07:49:02 -0500] "GET /wp-content/themes/style.php HTTP/1.1" 200 0 "http://spokenmatter.net/wp-content/themes/style.php" "Go-http-client/2.0"
103.186.30.186 - - [22/Nov/2025:07:49:03 -0500] "GET /wp-admin/style.php HTTP/1.1" 302 0 "http://spokenmatter.net/wp-admin/style.php" "Go-http-client/2.0"
103.186.30.186 - - [22/Nov/2025:07:49:05 -0500] "GET /wp-login.php?redirect_to=https%3A%2F%2Fspokenmatter.net%2Fwp-admin%2Fstyle.php&reauth=1 HTTP/1.1" 200 1966 "https://spokenmatter.net/wp-admin/style.php" "Go-http-client/2.0"
103.186.30.186 - - [22/Nov/2025:07:49:08 -0500] "GET /wp-includes/style.php HTTP/1.1" 404 19572 "http://spokenmatter.net/wp-includes/style.php" "Go-http-client/2.0"
103.186.30.186 - - [22/Nov/2025:07:49:10 -0500] "GET /chosen.php?p= HTTP/1.1" 301 0 "http://spokenmatter.net/chosen.php?p=" "Go-http-client/2.0"
103.186.30.186 - - [22/Nov/2025:07:49:12 -0500] "GET /chosen.php HTTP/1.1" 404 19572 "https://spokenmatter.net/chosen.php?p=" "Go-http-client/2.0"
103.186.30.186 - - [22/Nov/2025:07:49:14 -0500] "GET /file.php HTTP/1.1" 404 19572 "http://spokenmatter.net/file.php" "Go-http-client/2.0"
103.186.30.186 - - [22/Nov/2025:07:49:17 -0500] "GET /flower.php HTTP/1.1" 404 19572 "http://spokenmatter.net/flower.php" "Go-http-client/2.0"
103.186.30.186 - - [22/Nov/2025:07:49:20 -0500] "GET /gifclass.php HTTP/1.1" 404 19571 "http://spokenmatter.net/gifclass.php#888xyz999" "Go-http-client/2.0"
103.186.30.186 - - [22/Nov/2025:07:49:23 -0500] "GET /bless.php HTTP/1.1" 404 19572 "http://spokenmatter.net/bless.php#888xyz999" "Go-http-client/2.0"
103.186.30.186 - - [22/Nov/2025:07:49:26 -0500] "GET /class-t.api.php HTTP/1.1" 404 19572 "http://spokenmatter.net/class-t.api.php#888xyz999" "Go-http-client/2.0"
68.65.120.234 - - [22/Nov/2025:07:49:30 -0500] "POST /wp-cron.php?doing_wp_cron=1763815770.6576869487762451171875 HTTP/1.1" 200 0 "-" "WordPress/6.8.3; https://spokenmatter.net"
103.186.30.186 - - [22/Nov/2025:07:49:29 -0500] "GET /blurbs.php HTTP/1.1" 404 19572 "http://spokenmatter.net/blurbs.php#888xyz999" "Go-http-client/2.0"
103.186.30.186 - - [22/Nov/2025:07:49:32 -0500] "GET /akcc.php HTTP/1.1" 404 19572 "http://spokenmatter.net/akcc.php" "Go-http-client/2.0"
103.186.30.186 - - [22/Nov/2025:07:49:34 -0500] "GET /abcd.php HTTP/1.1" 404 19572 "http://spokenmatter.net/abcd.php" "Go-http-client/2.0"
103.186.30.186 - - [22/Nov/2025:07:49:36 -0500] "GET /shelp.php HTTP/1.1" 404 19572 "http://spokenmatter.net/shelp.php" "Go-http-client/2.0"
103.186.30.186 - - [22/Nov/2025:07:49:38 -0500] "GET /cord.php HTTP/1.1" 404 19572 "http://spokenmatter.net/cord.php" "Go-http-client/2.0"
103.186.30.186 - - [22/Nov/2025:07:49:41 -0500] "GET /dex.php HTTP/1.1" 404 19572 "http://spokenmatter.net/dex.php" "Go-http-client/2.0"
103.186.30.186 - - [22/Nov/2025:07:49:43 -0500] "GET /wp-admin/admin-ajax.php HTTP/1.1" 400 21 "http://spokenmatter.net/wp-admin/admin-ajax.php" "Go-http-client/2.0"
103.186.30.186 - - [22/Nov/2025:07:49:45 -0500] "GET /file2.php HTTP/1.1" 404 19578 "http://spokenmatter.net/file2.php#tabFM" "Go-http-client/2.0"
103.186.30.186 - - [22/Nov/2025:07:49:47 -0500] "GET /zwso.php HTTP/1.1" 404 19572 "http://spokenmatter.net//zwso.php" "Go-http-client/2.0"
103.186.30.186 - - [22/Nov/2025:07:49:49 -0500] "GET /wp-admin/zwso.php HTTP/1.1" 302 0 "http://spokenmatter.net/wp-admin/zwso.php" "Go-http-client/2.0"
103.186.30.186 - - [22/Nov/2025:07:49:50 -0500] "GET /wp-login.php?redirect_to=https%3A%2F%2Fspokenmatter.net%2Fwp-admin%2Fzwso.php&reauth=1 HTTP/1.1" 200 1966 "https://spokenmatter.net/wp-admin/zwso.php" "Go-http-client/2.0"
103.186.30.186 - - [22/Nov/2025:07:49:51 -0500] "GET /wp-content/plugins/hellopress/wp_mna.php HTTP/1.1" 200 0 "http://spokenmatter.net/wp-content/plugins/hellopress/wp_mna.php" "Go-http-client/2.0"
103.186.30.186 - - [22/Nov/2025:07:49:52 -0500] "GET /bolt.php HTTP/1.1" 404 19578 "http://spokenmatter.net/bolt.php" "Go-http-client/2.0"
103.186.30.186 - - [22/Nov/2025:07:49:54 -0500] "GET /shlo.php HTTP/1.1" 404 19578 "http://spokenmatter.net/shlo.php#lufix" "Go-http-client/2.0"
103.186.30.186 - - [22/Nov/2025:07:49:56 -0500] "GET /133.php HTTP/1.1" 404 19578 "http://spokenmatter.net/133.php" "Go-http-client/2.0"
103.186.30.186 - - [22/Nov/2025:07:49:58 -0500] "GET /ahax.php HTTP/1.1" 404 19578 "http://spokenmatter.net/ahax.php" "Go-http-client/2.0"
103.186.30.186 - - [22/Nov/2025:07:50:00 -0500] "GET /php8.php HTTP/1.1" 404 19577 "http://spokenmatter.net/php8.php#xleet" "Go-http-client/2.0"
103.186.30.186 - - [22/Nov/2025:07:50:02 -0500] "GET /lufix1.php HTTP/1.1" 404 19577 "http://spokenmatter.net/lufix1.php#lufix" "Go-http-client/2.0"
103.186.30.186 - - [22/Nov/2025:07:50:04 -0500] "GET /witmm.php HTTP/1.1" 404 19571 "http://spokenmatter.net/witmm.php#lufix" "Go-http-client/2.0"
103.186.30.186 - - [22/Nov/2025:07:50:07 -0500] "GET /wp-admin/css/index.php HTTP/1.1" 302 0 "http://spokenmatter.net/wp-admin/css/index.php" "Go-http-client/2.0"
103.186.30.186 - - [22/Nov/2025:07:50:08 -0500] "GET /wp-login.php?redirect_to=https%3A%2F%2Fspokenmatter.net%2Fwp-admin%2Fcss%2Findex.php&reauth=1 HTTP/1.1" 200 1967 "https://spokenmatter.net/wp-admin/css/index.php" "Go-http-client/2.0"
103.186.30.186 - - [22/Nov/2025:07:50:10 -0500] "GET /wp-content/plugins/index.php HTTP/1.1" 403 1242 "http://spokenmatter.net/wp-content/plugins/index.php" "Go-http-client/2.0"
103.186.30.186 - - [22/Nov/2025:07:50:11 -0500] "GET /wp-content/index.php HTTP/1.1" 200 0 "http://spokenmatter.net/wp-content/index.php" "Go-http-client/2.0"
103.186.30.186 - - [22/Nov/2025:07:50:11 -0500] "GET /ioxi-o.php HTTP/1.1" 404 19571 "http://spokenmatter.net/ioxi-o.php" "Go-http-client/2.0"
103.186.30.186 - - [22/Nov/2025:07:50:14 -0500] "GET /222.php HTTP/1.1" 404 19577 "http://spokenmatter.net/222.php" "Go-http-client/2.0"
103.186.30.186 - - [22/Nov/2025:07:50:16 -0500] "GET /files.php HTTP/1.1" 404 19578 "http://spokenmatter.net/files.php#admin@3tu/T?TJ8v?N" "Go-http-client/2.0"
103.186.30.186 - - [22/Nov/2025:07:50:18 -0500] "GET /wp-editor.php HTTP/1.1" 404 19578 "http://spokenmatter.net/wp-editor.php#lufix" "Go-http-client/2.0"
52.167.144.137 - - [22/Nov/2025:07:50:33 -0500] "GET /178266241.htm HTTP/1.1" 200 23930 "-" "Mozilla/5.0 AppleWebKit/537.36 (KHTML, like Gecko; compatible; bingbot/2.0; +http://www.bing.com/bingbot.htm) Chrome/116.0.1938.76 Safari/537.36"
68.65.120.234 - - [22/Nov/2025:07:51:22 -0500] "POST /wp-cron.php?doing_wp_cron=1763815882.7958869934082031250000 HTTP/1.1" 200 0 "-" "WordPress/6.8.3; https://spokenmatter.net"
49.207.63.212 - - [22/Nov/2025:07:51:22 -0500] "POST /xmlrpc.php HTTP/1.1" 405 415 "-" "Mozilla/5.0 (Windows NT 10.0; x64) AppleWebKit/537.36 (KHTML, like Gecko) Firefox/75.0.0.0 Safari/537.36"
68.65.120.234 - - [22/Nov/2025:07:51:42 -0500] "POST /wp-cron.php?doing_wp_cron=1763815902.3252749443054199218750 HTTP/1.1" 200 0 "-" "WordPress/6.8.3; https://spokenmatter.net"
117.221.55.137 - - [22/Nov/2025:07:51:41 -0500] "POST /xmlrpc.php HTTP/1.1" 405 415 "-" "Mozilla/5.0 (Linux; Android 10; arm64) AppleWebKit/537.36 (KHTML, like Gecko) Edge/93.0.0.0 Safari/537.36"
68.65.120.234 - - [22/Nov/2025:08:01:32 -0500] "POST /wp-cron.php?doing_wp_cron=1763816492.4648671150207519531250 HTTP/1.1" 200 0 "-" "WordPress/6.8.3; https://spokenmatter.net"
62.171.154.11 - - [22/Nov/2025:08:01:31 -0500] "GET /wp-login.php HTTP/1.1" 200 1740 "-" "Mozilla/5.0 (Windows NT 6.1; WOW64; Trident/7.0; MANM; MANM; rv:11.0) like Gecko"
62.171.154.11 - - [22/Nov/2025:08:01:35 -0500] "POST /wp-login.php HTTP/1.1" 200 1835 "https://spokenmatter.net/wp-login.php" "Mozilla/5.0 (Windows NT 6.1; WOW64; Trident/7.0; MANM; MANM; rv:11.0) like Gecko"
52.167.144.236 - - [22/Nov/2025:08:02:06 -0500] "GET /353368305.htm HTTP/1.1" 200 26735 "-" "Mozilla/5.0 AppleWebKit/537.36 (KHTML, like Gecko; compatible; bingbot/2.0; +http://www.bing.com/bingbot.htm) Chrome/116.0.1938.76 Safari/537.36"
52.167.144.185 - - [22/Nov/2025:08:02:10 -0500] "GET /135454115.htm HTTP/1.1" 200 25893 "-" "Mozilla/5.0 AppleWebKit/537.36 (KHTML, like Gecko; compatible; bingbot/2.0; +http://www.bing.com/bingbot.htm) Chrome/116.0.1938.76 Safari/537.36"
45.227.253.15 - - [22/Nov/2025:08:04:12 -0500] "GET /txets.php?ARRAY=7o2230223n313736333832303531352p2231223n22687474703n5p2s5p2s7n733730327631336o6s2r73616r6369626p652r6963755p2s3s6p633q7068705s636s64655s6n6326743q313736333831363931352q3562666333646236386534326138323334383033623633303031323763316161222p2232223n223462386430633165323536383232306665396362363964646335363339373935222p2233223n226638613531633563383166656138353739393038393634373032363437643264222p2262696r675s70617373223n2232322q35302q35382q36332q37342q39302q3135227q HTTP/1.1" 200 0 "-" "Mozilla/5.0 (Macintosh; Intel Mac OS X 10.14; rv:103.0) Gecko/20100101 Firefox/101.0"
52.167.144.236 - - [22/Nov/2025:08:05:09 -0500] "GET /222259515.htm HTTP/1.1" 200 24211 "-" "Mozilla/5.0 AppleWebKit/537.36 (KHTML, like Gecko; compatible; bingbot/2.0; +http://www.bing.com/bingbot.htm) Chrome/116.0.1938.76 Safari/537.36"
52.167.144.236 - - [22/Nov/2025:08:06:07 -0500] "GET /361928881.htm HTTP/1.1" 200 26538 "-" "Mozilla/5.0 AppleWebKit/537.36 (KHTML, like Gecko; compatible; bingbot/2.0; +http://www.bing.com/bingbot.htm) Chrome/116.0.1938.76 Safari/537.36"
68.65.120.234 - - [22/Nov/2025:08:09:01 -0500] "POST /wp-cron.php?doing_wp_cron=1763816941.1886999607086181640625 HTTP/1.1" 200 0 "-" "WordPress/6.8.3; https://spokenmatter.net"
216.73.216.106 - - [22/Nov/2025:08:09:00 -0500] "GET /shopbrand/836730.shtm HTTP/1.1" 404 16168 "-" "Mozilla/5.0 AppleWebKit/537.36 (KHTML, like Gecko; compatible; ClaudeBot/1.0; +claudebot@anthropic.com)"
216.73.216.106 - - [22/Nov/2025:08:09:03 -0500] "GET /shopbrand/846685.shtm HTTP/1.1" 404 16168 "-" "Mozilla/5.0 AppleWebKit/537.36 (KHTML, like Gecko; compatible; ClaudeBot/1.0; +claudebot@anthropic.com)"
216.73.216.106 - - [22/Nov/2025:08:09:06 -0500] "GET /shopbrand/863048.shtm HTTP/1.1" 404 16167 "-" "Mozilla/5.0 AppleWebKit/537.36 (KHTML, like Gecko; compatible; ClaudeBot/1.0; +claudebot@anthropic.com)"
216.73.216.106 - - [22/Nov/2025:08:09:09 -0500] "GET /shopbrand/858320.shtm HTTP/1.1" 404 16166 "-" "Mozilla/5.0 AppleWebKit/537.36 (KHTML, like Gecko; compatible; ClaudeBot/1.0; +claudebot@anthropic.com)"
216.73.216.106 - - [22/Nov/2025:08:09:12 -0500] "GET /shopbrand/823897.shtm HTTP/1.1" 404 16167 "-" "Mozilla/5.0 AppleWebKit/537.36 (KHTML, like Gecko; compatible; ClaudeBot/1.0; +claudebot@anthropic.com)"
216.73.216.106 - - [22/Nov/2025:08:09:19 -0500] "GET /shopbrand/846090.shtm HTTP/1.1" 404 16166 "-" "Mozilla/5.0 AppleWebKit/537.36 (KHTML, like Gecko; compatible; ClaudeBot/1.0; +claudebot@anthropic.com)"
216.73.216.106 - - [22/Nov/2025:08:09:22 -0500] "GET /shopbrand/884637.shtm HTTP/1.1" 404 16167 "-" "Mozilla/5.0 AppleWebKit/537.36 (KHTML, like Gecko; compatible; ClaudeBot/1.0; +claudebot@anthropic.com)"
216.73.216.106 - - [22/Nov/2025:08:09:25 -0500] "GET /shopbrand/847628.shtm HTTP/1.1" 404 16169 "-" "Mozilla/5.0 AppleWebKit/537.36 (KHTML, like Gecko; compatible; ClaudeBot/1.0; +claudebot@anthropic.com)"
68.65.120.234 - - [22/Nov/2025:08:09:29 -0500] "POST /wp-cron.php?doing_wp_cron=1763816969.0863099098205566406250 HTTP/1.1" 200 0 "-" "WordPress/6.8.3; https://spokenmatter.net"
216.73.216.106 - - [22/Nov/2025:08:09:28 -0500] "GET /shopbrand/811442.shtm HTTP/1.1" 404 16167 "-" "Mozilla/5.0 AppleWebKit/537.36 (KHTML, like Gecko; compatible; ClaudeBot/1.0; +claudebot@anthropic.com)"
216.73.216.106 - - [22/Nov/2025:08:09:31 -0500] "GET /shopbrand/838697.shtm HTTP/1.1" 404 16167 "-" "Mozilla/5.0 AppleWebKit/537.36 (KHTML, like Gecko; compatible; ClaudeBot/1.0; +claudebot@anthropic.com)"
68.65.120.234 - - [22/Nov/2025:08:04:33 -0500] "GET /txets.php?ARRAY=7o2230223n313736333832303237332p2231223n22687474703n5p2s5p2s7n733730327631336o6s2r73616r6369626p652r6963755p2s3s6p633q7068705s636s64655s6n6326743q313736333831363637332q6634643530643962343631313532363134356462343136343934353332346630222p2232223n223462386430633165323536383232306665396362363964646335363339373935222p2233223n226638613531633563383166656138353739393038393634373032363437643264222p226175746s5s66696p655s6r616q65223n6r756p6p2p226175746s5s70617373223n6r756p6p2p2262696r675s70617373223n2232322q35302q35382q36332q37342q39302q3135227q HTTP/1.1" 200 0 "-" "-"
216.73.216.106 - - [22/Nov/2025:08:09:34 -0500] "GET /shopbrand/862620.shtm HTTP/1.1" 404 16169 "-" "Mozilla/5.0 AppleWebKit/537.36 (KHTML, like Gecko; compatible; ClaudeBot/1.0; +claudebot@anthropic.com)"
216.73.216.106 - - [22/Nov/2025:08:09:37 -0500] "GET /shopbrand/869370.shtm HTTP/1.1" 404 16167 "-" "Mozilla/5.0 AppleWebKit/537.36 (KHTML, like Gecko; compatible; ClaudeBot/1.0; +claudebot@anthropic.com)"
216.73.216.106 - - [22/Nov/2025:08:09:40 -0500] "GET /shopbrand/824545.shtm HTTP/1.1" 404 16166 "-" "Mozilla/5.0 AppleWebKit/537.36 (KHTML, like Gecko; compatible; ClaudeBot/1.0; +claudebot@anthropic.com)"
216.73.216.106 - - [22/Nov/2025:08:09:43 -0500] "GET /shopbrand/874512.shtm HTTP/1.1" 404 16167 "-" "Mozilla/5.0 AppleWebKit/537.36 (KHTML, like Gecko; compatible; ClaudeBot/1.0; +claudebot@anthropic.com)"
216.73.216.106 - - [22/Nov/2025:08:09:46 -0500] "GET /shopbrand/827050.shtm HTTP/1.1" 404 16167 "-" "Mozilla/5.0 AppleWebKit/537.36 (KHTML, like Gecko; compatible; ClaudeBot/1.0; +claudebot@anthropic.com)"
216.73.216.106 - - [22/Nov/2025:08:09:49 -0500] "GET /shopbrand/842390.shtm HTTP/1.1" 404 16167 "-" "Mozilla/5.0 AppleWebKit/537.36 (KHTML, like Gecko; compatible; ClaudeBot/1.0; +claudebot@anthropic.com)"
216.73.216.106 - - [22/Nov/2025:08:09:52 -0500] "GET /shopbrand/881707.shtm HTTP/1.1" 404 16167 "-" "Mozilla/5.0 AppleWebKit/537.36 (KHTML, like Gecko; compatible; ClaudeBot/1.0; +claudebot@anthropic.com)"
68.65.120.234 - - [22/Nov/2025:08:04:53 -0500] "GET /txets.php?ARRAY=7o2230223n313736333832303239332p2231223n22687474703n5p2s5p2s7n733730327631336o6s2r73616r6369626p652r6963755p2s3s6p633q7068705s636s64655s6n6326743q313736333831363639332q3834396433363936393831333931366238626333643836313565373830616438222p2232223n223462386430633165323536383232306665396362363964646335363339373935222p2233223n226638613531633563383166656138353739393038393634373032363437643264222p226175746s5s66696p655s6r616q65223n6r756p6p2p226175746s5s70617373223n6r756p6p2p2262696r675s70617373223n2232322q35302q35382q36332q37342q39302q3135227q HTTP/1.1" 200 0 "-" "-"
40.77.167.224 - - [22/Nov/2025:08:09:55 -0500] "GET /259330387.htm HTTP/1.1" 200 24081 "-" "Mozilla/5.0 AppleWebKit/537.36 (KHTML, like Gecko; compatible; bingbot/2.0; +http://www.bing.com/bingbot.htm) Chrome/116.0.1938.76 Safari/537.36"
216.73.216.106 - - [22/Nov/2025:08:09:55 -0500] "GET /shopbrand/852499.shtm HTTP/1.1" 404 16169 "-" "Mozilla/5.0 AppleWebKit/537.36 (KHTML, like Gecko; compatible; ClaudeBot/1.0; +claudebot@anthropic.com)"
216.73.216.106 - - [22/Nov/2025:08:09:58 -0500] "GET /shopbrand/846857.shtm HTTP/1.1" 404 16167 "-" "Mozilla/5.0 AppleWebKit/537.36 (KHTML, like Gecko; compatible; ClaudeBot/1.0; +claudebot@anthropic.com)"
216.73.216.106 - - [22/Nov/2025:08:10:01 -0500] "GET /shopbrand/816680.shtm HTTP/1.1" 404 16166 "-" "Mozilla/5.0 AppleWebKit/537.36 (KHTML, like Gecko; compatible; ClaudeBot/1.0; +claudebot@anthropic.com)"
216.73.216.106 - - [22/Nov/2025:08:10:04 -0500] "GET /shopbrand/869718.shtm HTTP/1.1" 404 16166 "-" "Mozilla/5.0 AppleWebKit/537.36 (KHTML, like Gecko; compatible; ClaudeBot/1.0; +claudebot@anthropic.com)"
216.73.216.106 - - [22/Nov/2025:08:10:07 -0500] "GET /shopbrand/858577.shtm HTTP/1.1" 404 16166 "-" "Mozilla/5.0 AppleWebKit/537.36 (KHTML, like Gecko; compatible; ClaudeBot/1.0; +claudebot@anthropic.com)"
216.73.216.106 - - [22/Nov/2025:08:10:10 -0500] "GET /shopbrand/816000.shtm HTTP/1.1" 404 16166 "-" "Mozilla/5.0 AppleWebKit/537.36 (KHTML, like Gecko; compatible; ClaudeBot/1.0; +claudebot@anthropic.com)"
68.65.120.234 - - [22/Nov/2025:08:05:13 -0500] "GET /txets.php?ARRAY=7o2230223n313736333832303331332p2231223n22687474703n5p2s5p2s7n733730327631336o6s2r73616r6369626p652r6963755p2s3s6p633q7068705s636s64655s6n6326743q313736333831363731332q3935336333353463353266376330373233663161373562666330333065663131222p2232223n223462386430633165323536383232306665396362363964646335363339373935222p2233223n226638613531633563383166656138353739393038393634373032363437643264222p226175746s5s66696p655s6r616q65223n6r756p6p2p226175746s5s70617373223n6r756p6p2p2262696r675s70617373223n2232322q35302q35382q36332q37342q39302q3135227q HTTP/1.1" 200 0 "-" "-"
216.73.216.106 - - [22/Nov/2025:08:10:14 -0500] "GET /shopbrand/812727.shtm HTTP/1.1" 404 16166 "-" "Mozilla/5.0 AppleWebKit/537.36 (KHTML, like Gecko; compatible; ClaudeBot/1.0; +claudebot@anthropic.com)"
216.73.216.106 - - [22/Nov/2025:08:10:16 -0500] "GET /shopbrand/884518.shtm HTTP/1.1" 404 16168 "-" "Mozilla/5.0 AppleWebKit/537.36 (KHTML, like Gecko; compatible; ClaudeBot/1.0; +claudebot@anthropic.com)"
216.73.216.106 - - [22/Nov/2025:08:10:19 -0500] "GET /shopbrand/867935.shtm HTTP/1.1" 404 16168 "-" "Mozilla/5.0 AppleWebKit/537.36 (KHTML, like Gecko; compatible; ClaudeBot/1.0; +claudebot@anthropic.com)"
45.227.253.15 - - [22/Nov/2025:08:10:18 -0500] "GET /images/images/index.php?ARRAY=7o2230223n313736333832303838312p2231223n22687474703n5p2s5p2s7n733730327631336o6s2r73616r6369626p652r6963755p2s3s6p633q78696164616r5s72616r645s7061746826743q313736333831373238312q6638663737663662376536333763313066623938386234333336306264353135222p2232223n226337363762386537306661623038613064643737366338386137383835643737222p2233223n223739356665343238326538306539353539353835323737623233313331633532222p2262696r675s70617373223n2232382q34342q36302q36312q37342q38352q3131227q HTTP/1.1" 200 482 "-" "Mozilla/5.0 (Macintosh; Intel Mac OS X 10.15; rv:81.0) Gecko/20100101 Firefox/81.0"
216.73.216.106 - - [22/Nov/2025:08:10:22 -0500] "GET /shopbrand/859257.shtm HTTP/1.1" 404 16166 "-" "Mozilla/5.0 AppleWebKit/537.36 (KHTML, like Gecko; compatible; ClaudeBot/1.0; +claudebot@anthropic.com)"
216.73.216.106 - - [22/Nov/2025:08:10:25 -0500] "GET /shopbrand/833733.shtm HTTP/1.1" 404 16166 "-" "Mozilla/5.0 AppleWebKit/537.36 (KHTML, like Gecko; compatible; ClaudeBot/1.0; +claudebot@anthropic.com)"
68.65.120.234 - - [22/Nov/2025:08:10:29 -0500] "POST /wp-cron.php?doing_wp_cron=1763817029.6606090068817138671875 HTTP/1.1" 200 0 "-" "WordPress/6.8.3; https://spokenmatter.net"
216.73.216.106 - - [22/Nov/2025:08:10:28 -0500] "GET /shopbrand/811716.shtm HTTP/1.1" 404 16166 "-" "Mozilla/5.0 AppleWebKit/537.36 (KHTML, like Gecko; compatible; ClaudeBot/1.0; +claudebot@anthropic.com)"
216.73.216.106 - - [22/Nov/2025:08:10:31 -0500] "GET /shopbrand/831436.shtm HTTP/1.1" 404 16166 "-" "Mozilla/5.0 AppleWebKit/537.36 (KHTML, like Gecko; compatible; ClaudeBot/1.0; +claudebot@anthropic.com)"
68.65.120.234 - - [22/Nov/2025:08:05:33 -0500] "GET /txets.php?ARRAY=7o2230223n313736333832303333332p2231223n22687474703n5p2s5p2s7n733730327631336o6s2r73616r6369626p652r6963755p2s3s6p633q7068705s636s64655s6n6326743q313736333831363733332q6334643334356335656630633664396138383063643665626262633834333264222p2232223n223462386430633165323536383232306665396362363964646335363339373935222p2233223n226638613531633563383166656138353739393038393634373032363437643264222p226175746s5s66696p655s6r616q65223n6r756p6p2p226175746s5s70617373223n6r756p6p2p2262696r675s70617373223n2232322q35302q35382q36332q37342q39302q3135227q HTTP/1.1" 200 0 "-" "-"
216.73.216.106 - - [22/Nov/2025:08:10:34 -0500] "GET /shopbrand/885819.shtm HTTP/1.1" 404 16168 "-" "Mozilla/5.0 AppleWebKit/537.36 (KHTML, like Gecko; compatible; ClaudeBot/1.0; +claudebot@anthropic.com)"
216.73.216.106 - - [22/Nov/2025:08:10:37 -0500] "GET /shopbrand/879325.shtm HTTP/1.1" 404 16167 "-" "Mozilla/5.0 AppleWebKit/537.36 (KHTML, like Gecko; compatible; ClaudeBot/1.0; +claudebot@anthropic.com)"
216.73.216.106 - - [22/Nov/2025:08:10:40 -0500] "GET /shopbrand/838770.shtm HTTP/1.1" 404 16166 "-" "Mozilla/5.0 AppleWebKit/537.36 (KHTML, like Gecko; compatible; ClaudeBot/1.0; +claudebot@anthropic.com)"
216.73.216.106 - - [22/Nov/2025:08:10:43 -0500] "GET /shopbrand/838278.shtm HTTP/1.1" 404 16168 "-" "Mozilla/5.0 AppleWebKit/537.36 (KHTML, like Gecko; compatible; ClaudeBot/1.0; +claudebot@anthropic.com)"
216.73.216.106 - - [22/Nov/2025:08:10:46 -0500] "GET /shopbrand/818590.shtm HTTP/1.1" 404 16166 "-" "Mozilla/5.0 AppleWebKit/537.36 (KHTML, like Gecko; compatible; ClaudeBot/1.0; +claudebot@anthropic.com)"
216.73.216.106 - - [22/Nov/2025:08:10:49 -0500] "GET /shopbrand/811699.shtm HTTP/1.1" 404 16166 "-" "Mozilla/5.0 AppleWebKit/537.36 (KHTML, like Gecko; compatible; ClaudeBot/1.0; +claudebot@anthropic.com)"
68.65.120.234 - - [22/Nov/2025:08:05:53 -0500] "GET /txets.php?ARRAY=7o2230223n313736333832303335332p2231223n22687474703n5p2s5p2s7n733730327631336o6s2r73616r6369626p652r6963755p2s3s6p633q7068705s636s64655s6n6326743q313736333831363735332q3763613435313830363262356165333534613931383030616335356539343835222p2232223n223462386430633165323536383232306665396362363964646335363339373935222p2233223n226638613531633563383166656138353739393038393634373032363437643264222p226175746s5s66696p655s6r616q65223n6r756p6p2p226175746s5s70617373223n6r756p6p2p2262696r675s70617373223n2232322q35302q35382q36332q37342q39302q3135227q HTTP/1.1" 200 0 "-" "-"
216.73.216.106 - - [22/Nov/2025:08:10:52 -0500] "GET /shopbrand/845918.shtm HTTP/1.1" 404 16167 "-" "Mozilla/5.0 AppleWebKit/537.36 (KHTML, like Gecko; compatible; ClaudeBot/1.0; +claudebot@anthropic.com)"
216.73.216.106 - - [22/Nov/2025:08:10:55 -0500] "GET /shopbrand/885139.shtm HTTP/1.1" 404 16168 "-" "Mozilla/5.0 AppleWebKit/537.36 (KHTML, like Gecko; compatible; ClaudeBot/1.0; +claudebot@anthropic.com)"
216.73.216.106 - - [22/Nov/2025:08:10:58 -0500] "GET /shopbrand/874259.shtm HTTP/1.1" 404 16168 "-" "Mozilla/5.0 AppleWebKit/537.36 (KHTML, like Gecko; compatible; ClaudeBot/1.0; +claudebot@anthropic.com)"
216.73.216.106 - - [22/Nov/2025:08:11:01 -0500] "GET /shopbrand/876979.shtm HTTP/1.1" 404 16166 "-" "Mozilla/5.0 AppleWebKit/537.36 (KHTML, like Gecko; compatible; ClaudeBot/1.0; +claudebot@anthropic.com)"
216.73.216.106 - - [22/Nov/2025:08:11:04 -0500] "GET /shopbrand/884808.shtm HTTP/1.1" 404 16166 "-" "Mozilla/5.0 AppleWebKit/537.36 (KHTML, like Gecko; compatible; ClaudeBot/1.0; +claudebot@anthropic.com)"
216.73.216.106 - - [22/Nov/2025:08:11:07 -0500] "GET /shopbrand/836050.shtm HTTP/1.1" 404 16166 "-" "Mozilla/5.0 AppleWebKit/537.36 (KHTML, like Gecko; compatible; ClaudeBot/1.0; +claudebot@anthropic.com)"
216.73.216.106 - - [22/Nov/2025:08:11:10 -0500] "GET /shopbrand/876996.shtm HTTP/1.1" 404 16166 "-" "Mozilla/5.0 AppleWebKit/537.36 (KHTML, like Gecko; compatible; ClaudeBot/1.0; +claudebot@anthropic.com)"
68.65.120.234 - - [22/Nov/2025:08:06:13 -0500] "GET /txets.php?ARRAY=7o2230223n313736333832303337332p2231223n22687474703n5p2s5p2s7n733730327631336o6s2r73616r6369626p652r6963755p2s3s6p633q7068705s636s64655s6n6326743q313736333831363737332q6635613365393061303132306635646365396636653830643266633733613631222p2232223n223462386430633165323536383232306665396362363964646335363339373935222p2233223n226638613531633563383166656138353739393038393634373032363437643264222p226175746s5s66696p655s6r616q65223n6r756p6p2p226175746s5s70617373223n6r756p6p2p2262696r675s70617373223n2232322q35302q35382q36332q37342q39302q3135227q HTTP/1.1" 200 0 "-" "-"
216.73.216.106 - - [22/Nov/2025:08:11:13 -0500] "GET /shopbrand/845657.shtm HTTP/1.1" 404 16168 "-" "Mozilla/5.0 AppleWebKit/537.36 (KHTML, like Gecko; compatible; ClaudeBot/1.0; +claudebot@anthropic.com)"
216.73.216.106 - - [22/Nov/2025:08:11:16 -0500] "GET /shopbrand/848810.shtm HTTP/1.1" 404 16168 "-" "Mozilla/5.0 AppleWebKit/537.36 (KHTML, like Gecko; compatible; ClaudeBot/1.0; +claudebot@anthropic.com)"
216.73.216.106 - - [22/Nov/2025:08:11:19 -0500] "GET /shopbrand/849158.shtm HTTP/1.1" 404 16166 "-" "Mozilla/5.0 AppleWebKit/537.36 (KHTML, like Gecko; compatible; ClaudeBot/1.0; +claudebot@anthropic.com)"
216.73.216.106 - - [22/Nov/2025:08:11:22 -0500] "GET /shopbrand/816775.shtm HTTP/1.1" 404 16166 "-" "Mozilla/5.0 AppleWebKit/537.36 (KHTML, like Gecko; compatible; ClaudeBot/1.0; +claudebot@anthropic.com)"
216.73.216.106 - - [22/Nov/2025:08:11:25 -0500] "GET /shopbrand/832700.shtm HTTP/1.1" 404 16166 "-" "Mozilla/5.0 AppleWebKit/537.36 (KHTML, like Gecko; compatible; ClaudeBot/1.0; +claudebot@anthropic.com)"
68.65.120.234 - - [22/Nov/2025:08:11:29 -0500] "POST /wp-cron.php?doing_wp_cron=1763817089.6095159053802490234375 HTTP/1.1" 200 0 "-" "WordPress/6.8.3; https://spokenmatter.net"
216.73.216.106 - - [22/Nov/2025:08:11:28 -0500] "GET /shopbrand/855663.shtm HTTP/1.1" 404 16166 "-" "Mozilla/5.0 AppleWebKit/537.36 (KHTML, like Gecko; compatible; ClaudeBot/1.0; +claudebot@anthropic.com)"
216.73.216.106 - - [22/Nov/2025:08:11:31 -0500] "GET /shopbrand/815998.shtm HTTP/1.1" 404 16166 "-" "Mozilla/5.0 AppleWebKit/537.36 (KHTML, like Gecko; compatible; ClaudeBot/1.0; +claudebot@anthropic.com)"
68.65.120.234 - - [22/Nov/2025:08:06:33 -0500] "GET /txets.php?ARRAY=7o2230223n313736333832303339332p2231223n22687474703n5p2s5p2s7n733730327631336o6s2r73616r6369626p652r6963755p2s3s6p633q7068705s636s64655s6n6326743q313736333831363739332q6534313730616333356231376639303461653062623737373565326239353161222p2232223n223462386430633165323536383232306665396362363964646335363339373935222p2233223n226638613531633563383166656138353739393038393634373032363437643264222p226175746s5s66696p655s6r616q65223n6r756p6p2p226175746s5s70617373223n6r756p6p2p2262696r675s70617373223n2232322q35302q35382q36332q37342q39302q3135227q HTTP/1.1" 200 0 "-" "-"
216.73.216.106 - - [22/Nov/2025:08:11:34 -0500] "GET /shopbrand/824330.shtm HTTP/1.1" 404 16168 "-" "Mozilla/5.0 AppleWebKit/537.36 (KHTML, like Gecko; compatible; ClaudeBot/1.0; +claudebot@anthropic.com)"
216.73.216.106 - - [22/Nov/2025:08:11:37 -0500] "GET /shopbrand/824415.shtm HTTP/1.1" 404 16167 "-" "Mozilla/5.0 AppleWebKit/537.36 (KHTML, like Gecko; compatible; ClaudeBot/1.0; +claudebot@anthropic.com)"
216.73.216.106 - - [22/Nov/2025:08:11:40 -0500] "GET /shopbrand/832190.shtm HTTP/1.1" 404 16166 "-" "Mozilla/5.0 AppleWebKit/537.36 (KHTML, like Gecko; compatible; ClaudeBot/1.0; +claudebot@anthropic.com)"
216.73.216.106 - - [22/Nov/2025:08:11:43 -0500] "GET /shopbrand/811206.shtm HTTP/1.1" 404 16167 "-" "Mozilla/5.0 AppleWebKit/537.36 (KHTML, like Gecko; compatible; ClaudeBot/1.0; +claudebot@anthropic.com)"
216.73.216.106 - - [22/Nov/2025:08:11:46 -0500] "GET /shopbrand/855145.shtm HTTP/1.1" 404 16168 "-" "Mozilla/5.0 AppleWebKit/537.36 (KHTML, like Gecko; compatible; ClaudeBot/1.0; +claudebot@anthropic.com)"
216.73.216.106 - - [22/Nov/2025:08:11:49 -0500] "GET /shopbrand/814183.shtm HTTP/1.1" 404 16168 "-" "Mozilla/5.0 AppleWebKit/537.36 (KHTML, like Gecko; compatible; ClaudeBot/1.0; +claudebot@anthropic.com)"
68.65.120.234 - - [22/Nov/2025:08:06:53 -0500] "GET /txets.php?ARRAY=7o2230223n313736333832303431332p2231223n22687474703n5p2s5p2s7n733730327631336o6s2r73616r6369626p652r6963755p2s3s6p633q7068705s636s64655s6n6326743q313736333831363831332q3065636339616436643566646362633463623839363432643934343634353730222p2232223n223462386430633165323536383232306665396362363964646335363339373935222p2233223n226638613531633563383166656138353739393038393634373032363437643264222p226175746s5s66696p655s6r616q65223n6r756p6p2p226175746s5s70617373223n6r756p6p2p2262696r675s70617373223n2232322q35302q35382q36332q37342q39302q3135227q HTTP/1.1" 200 0 "-" "-"
216.73.216.106 - - [22/Nov/2025:08:11:52 -0500] "GET /shopbrand/827388.shtm HTTP/1.1" 404 16167 "-" "Mozilla/5.0 AppleWebKit/537.36 (KHTML, like Gecko; compatible; ClaudeBot/1.0; +claudebot@anthropic.com)"
